CRAN Package Check Results for Package RSiena

Last updated on 2020-12-31 00:46:57 CET.

Flavor Version Tinstall Tcheck Ttotal Status Flags
r-devel-linux-x86_64-debian-clang 1.2-23 283.89 274.34 558.23 OK
r-devel-linux-x86_64-debian-gcc 1.2-23 194.62 204.05 398.67 OK
r-devel-linux-x86_64-fedora-clang 1.2-23 884.18 NOTE
r-devel-linux-x86_64-fedora-gcc 1.2-23 698.77 NOTE
r-devel-windows-ix86+x86_64 1.2-23 706.00 376.00 1082.00 NOTE
r-patched-linux-x86_64 1.2-23 245.98 254.13 500.11 OK
r-patched-solaris-x86 1.2-23 1130.80 NOTE
r-release-linux-x86_64 1.2-23 245.86 253.81 499.67 OK
r-release-macos-x86_64 1.2-23 NOTE
r-release-windows-ix86+x86_64 1.2-23 705.00 288.00 993.00 NOTE
r-oldrel-macos-x86_64 1.2-23 WARN
r-oldrel-windows-ix86+x86_64 1.2-23 510.00 254.00 764.00 NOTE

Additional issues

gcc11 gcc11 rchk valgrind

Check Details

Version: 1.2-23
Check: installed package size
Result: NOTE
     installed size is 17.6Mb
     sub-directories of 1Mb or more:
     libs 15.7Mb
Flavors: r-devel-linux-x86_64-fedora-clang, r-devel-windows-ix86+x86_64, r-patched-solaris-x86, r-release-macos-x86_64, r-release-windows-ix86+x86_64, r-oldrel-macos-x86_64, r-oldrel-windows-ix86+x86_64

Version: 1.2-23
Check: top-level files
Result: NOTE
    ‘cleanup’: ‘env bash’ is not portable as bash need not be installed
Flavors: r-devel-linux-x86_64-fedora-clang, r-devel-linux-x86_64-fedora-gcc

Version: 1.2-23
Check: dependencies in R code
Result: NOTE
    No protocol specified
    No protocol specified
Flavor: r-oldrel-macos-x86_64

Version: 1.2-23
Check: S3 generic/method consistency
Result: WARN
    No protocol specified
    No protocol specified
    See section ‘Generic functions and methods’ in the ‘Writing R
    Extensions’ manual.
Flavor: r-oldrel-macos-x86_64

Version: 1.2-23
Check: replacement functions
Result: WARN
    No protocol specified
    No protocol specified
    The argument of a replacement function which corresponds to the right
    hand side must be named ‘value’.
Flavor: r-oldrel-macos-x86_64

Version: 1.2-23
Check: foreign function calls
Result: NOTE
    No protocol specified
    No protocol specified
    See chapter ‘System and foreign language interfaces’ in the ‘Writing R
    Extensions’ manual.
Flavor: r-oldrel-macos-x86_64

Version: 1.2-23
Check: R code for possible problems
Result: NOTE
    No protocol specified
    No protocol specified
Flavor: r-oldrel-macos-x86_64

Version: 1.2-23
Check: for missing documentation entries
Result: WARN
    No protocol specified
    No protocol specified
    All user-level objects in a package should have documentation entries.
    See chapter ‘Writing R documentation files’ in the ‘Writing R
    Extensions’ manual.
Flavor: r-oldrel-macos-x86_64

Version: 1.2-23
Check: for code/documentation mismatches
Result: WARN
    No protocol specified
    No protocol specified
    No protocol specified
    No protocol specified
    No protocol specified
    No protocol specified
Flavor: r-oldrel-macos-x86_64

Version: 1.2-23
Check: Rd \usage sections
Result: NOTE
    No protocol specified
    No protocol specified
    The \usage entries for S3 methods should use the \method markup and not
    their full name.
    See chapter ‘Writing R documentation files’ in the ‘Writing R
    Extensions’ manual.
Flavor: r-oldrel-macos-x86_64