Last updated on 2020-12-31 00:46:57 CET.
Flavor | Version | Tinstall | Tcheck | Ttotal | Status | Flags |
---|---|---|---|---|---|---|
r-devel-linux-x86_64-debian-clang | 3.0.4 | 18.64 | 219.81 | 238.45 | OK | |
r-devel-linux-x86_64-debian-gcc | 3.0.4 | 16.57 | 159.84 | 176.41 | OK | |
r-devel-linux-x86_64-fedora-clang | 3.0.4 | 325.23 | NOTE | |||
r-devel-linux-x86_64-fedora-gcc | 3.0.4 | 318.37 | NOTE | |||
r-devel-windows-ix86+x86_64 | 3.0.4 | 45.00 | 293.00 | 338.00 | OK | |
r-patched-linux-x86_64 | 3.0.4 | 19.07 | 202.64 | 221.71 | OK | |
r-patched-solaris-x86 | 3.0.4 | 399.40 | NOTE | |||
r-release-linux-x86_64 | 3.0.4 | 16.42 | 205.01 | 221.43 | OK | |
r-release-macos-x86_64 | 3.0.4 | NOTE | ||||
r-release-windows-ix86+x86_64 | 3.0.4 | 43.00 | 219.00 | 262.00 | OK | |
r-oldrel-macos-x86_64 | 3.0.4 | NOTE | ||||
r-oldrel-windows-ix86+x86_64 | 3.0.4 | 25.00 | 194.00 | 219.00 | OK |
Version: 3.0.4
Check: package dependencies
Result: NOTE
Imports includes 22 non-default packages.
Importing from so many packages makes the package vulnerable to any of
them becoming unavailable. Move as many as possible to Suggests and
use conditionally.
Flavor: r-devel-linux-x86_64-fedora-clang
Version: 3.0.4
Check: dependencies in R code
Result: NOTE
Namespace in Imports field not imported from: ‘labelled’
All declared Imports should be used.
Flavors: r-devel-linux-x86_64-fedora-clang, r-devel-linux-x86_64-fedora-gcc, r-patched-solaris-x86, r-release-macos-x86_64, r-oldrel-macos-x86_64