Last updated on 2020-12-31 00:46:56 CET.
Flavor | Version | Tinstall | Tcheck | Ttotal | Status | Flags |
---|---|---|---|---|---|---|
r-devel-linux-x86_64-debian-clang | 4.1.4 | 7.51 | 66.41 | 73.92 | OK | |
r-devel-linux-x86_64-debian-gcc | 4.1.4 | 6.08 | 49.62 | 55.70 | OK | |
r-devel-linux-x86_64-fedora-clang | 4.1.4 | 93.73 | WARN | |||
r-devel-linux-x86_64-fedora-gcc | 4.1.4 | 88.25 | OK | |||
r-devel-windows-ix86+x86_64 | 4.1.4 | 18.00 | 64.00 | 82.00 | OK | |
r-patched-linux-x86_64 | 4.1.4 | 7.41 | 61.44 | 68.85 | OK | |
r-patched-solaris-x86 | 4.1.4 | 119.20 | OK | |||
r-release-linux-x86_64 | 4.1.4 | 6.49 | 61.64 | 68.13 | OK | |
r-release-macos-x86_64 | 4.1.4 | OK | ||||
r-release-windows-ix86+x86_64 | 4.1.4 | 17.00 | 90.00 | 107.00 | OK | |
r-oldrel-macos-x86_64 | 4.1.4 | OK | ||||
r-oldrel-windows-ix86+x86_64 | 4.1.4 | 10.00 | 62.00 | 72.00 | OK |
Version: 4.1.4
Check: package dependencies
Result: WARN
Requires orphaned package: ‘plotly’
Flavor: r-devel-linux-x86_64-fedora-clang