CRAN Package Check Results for Package RMixtCompIO

Last updated on 2020-12-31 00:46:56 CET.

Flavor Version Tinstall Tcheck Ttotal Status Flags
r-devel-linux-x86_64-debian-clang 4.0.6 361.42 170.60 532.02 OK
r-devel-linux-x86_64-debian-gcc 4.0.6 249.22 134.59 383.81 OK
r-devel-linux-x86_64-fedora-clang 4.0.6 757.10 NOTE
r-devel-linux-x86_64-fedora-gcc 4.0.6 674.83 OK
r-devel-windows-ix86+x86_64 4.0.6 801.00 376.00 1177.00 OK
r-patched-linux-x86_64 4.0.6 295.95 163.80 459.75 OK
r-patched-solaris-x86 4.0.6 646.40 OK
r-release-linux-x86_64 4.0.6 296.59 167.32 463.91 OK
r-release-macos-x86_64 4.0.6 NOTE
r-release-windows-ix86+x86_64 4.0.6 793.00 414.00 1207.00 OK
r-oldrel-macos-x86_64 4.0.6 NOTE
r-oldrel-windows-ix86+x86_64 4.0.6 568.00 316.00 884.00 OK

Check Details

Version: 4.0.6
Check: installed package size
Result: NOTE
     installed size is 35.0Mb
     sub-directories of 1Mb or more:
     libs 34.8Mb
Flavors: r-devel-linux-x86_64-fedora-clang, r-release-macos-x86_64, r-oldrel-macos-x86_64