Last updated on 2020-12-31 00:46:56 CET.
Flavor | Version | Tinstall | Tcheck | Ttotal | Status | Flags |
---|---|---|---|---|---|---|
r-devel-linux-x86_64-debian-clang | 0.0 | 7.99 | 53.95 | 61.94 | NOTE | |
r-devel-linux-x86_64-debian-gcc | 0.0 | 6.04 | 41.13 | 47.17 | NOTE | |
r-devel-linux-x86_64-fedora-clang | 0.0 | 80.39 | NOTE | |||
r-devel-linux-x86_64-fedora-gcc | 0.0 | 72.89 | NOTE | |||
r-devel-windows-ix86+x86_64 | 0.0 | 15.00 | 53.00 | 68.00 | NOTE | |
r-patched-linux-x86_64 | 0.0 | 7.26 | 49.92 | 57.18 | NOTE | |
r-patched-solaris-x86 | 0.0 | 105.40 | NOTE | |||
r-release-linux-x86_64 | 0.0 | 6.93 | 50.05 | 56.98 | NOTE | |
r-release-macos-x86_64 | 0.0 | NOTE | ||||
r-release-windows-ix86+x86_64 | 0.0 | 16.00 | 72.00 | 88.00 | NOTE | |
r-oldrel-macos-x86_64 | 0.0 | NOTE | ||||
r-oldrel-windows-ix86+x86_64 | 0.0 | 11.00 | 49.00 | 60.00 | NOTE |
Version: 0.0
Check: dependencies in R code
Result: NOTE
Package in Depends field not imported from: 'msm'
These packages need to be imported from (in the NAMESPACE file)
for when this namespace is loaded but not attached.
There are ::: calls to the package's namespace in its code. A package
almost never needs to use ::: for its own objects:
'EMSRb_internal' 'EM_internal' 'PD_internal'
Flavors: r-devel-linux-x86_64-debian-clang, r-devel-linux-x86_64-debian-gcc, r-devel-linux-x86_64-fedora-clang, r-devel-linux-x86_64-fedora-gcc, r-devel-windows-ix86+x86_64, r-patched-linux-x86_64, r-patched-solaris-x86, r-release-linux-x86_64, r-release-macos-x86_64, r-release-windows-ix86+x86_64, r-oldrel-macos-x86_64, r-oldrel-windows-ix86+x86_64
Version: 0.0
Check: R code for possible problems
Result: NOTE
EMSRb_internal: no visible global function definition for 'qnorm'
EM_internal: no visible global function definition for 'dnorm'
EM_internal: no visible global function definition for 'pnorm'
PD_internal: no visible global function definition for 'qtnorm'
PD_internal: no visible global function definition for 'sd'
Undefined global functions or variables:
dnorm pnorm qnorm qtnorm sd
Consider adding
importFrom("stats", "dnorm", "pnorm", "qnorm", "sd")
to your NAMESPACE file.
Flavors: r-devel-linux-x86_64-debian-clang, r-devel-linux-x86_64-debian-gcc, r-devel-linux-x86_64-fedora-clang, r-devel-linux-x86_64-fedora-gcc, r-devel-windows-ix86+x86_64, r-patched-linux-x86_64, r-patched-solaris-x86, r-release-linux-x86_64, r-release-macos-x86_64, r-release-windows-ix86+x86_64, r-oldrel-macos-x86_64, r-oldrel-windows-ix86+x86_64
Version: 0.0
Check: Rd line widths
Result: NOTE
Rd file 'EMSRb_internal.Rd':
\usage lines wider than 90 characters:
EMSRb_internal(Fare = Fare, Mean = Mean, Var = Var, p_up = numeric(length(Fare)), cap = cap)
These lines will be truncated in the PDF manual.
Flavors: r-devel-linux-x86_64-debian-clang, r-devel-linux-x86_64-debian-gcc, r-devel-linux-x86_64-fedora-clang, r-devel-linux-x86_64-fedora-gcc, r-patched-linux-x86_64, r-release-linux-x86_64