CRAN Package Check Results for Package Qtools

Last updated on 2020-12-31 00:46:54 CET.

Flavor Version Tinstall Tcheck Ttotal Status Flags
r-devel-linux-x86_64-debian-clang 1.5.3 40.79 167.13 207.92 OK
r-devel-linux-x86_64-debian-gcc 1.5.3 30.07 124.04 154.11 OK
r-devel-linux-x86_64-fedora-clang 1.5.3 264.74 OK
r-devel-linux-x86_64-fedora-gcc 1.5.3 251.50 OK
r-devel-windows-ix86+x86_64 1.5.3 99.00 203.00 302.00 OK
r-patched-linux-x86_64 1.5.3 27.24 153.70 180.94 OK
r-patched-solaris-x86 1.5.3 305.70 WARN
r-release-linux-x86_64 1.5.3 41.01 153.75 194.76 OK
r-release-macos-x86_64 1.5.3 WARN
r-release-windows-ix86+x86_64 1.5.3 101.00 261.00 362.00 OK
r-oldrel-macos-x86_64 1.5.3 WARN
r-oldrel-windows-ix86+x86_64 1.5.3 62.00 172.00 234.00 OK

Check Details

Version: 1.5.3
Check: re-building of vignette outputs
Result: WARN
    Error(s) in re-building vignettes:
     ...
    --- re-building ‘Qtools.Rmd’ using rmarkdown
    Warning in engine$weave(file, quiet = quiet, encoding = enc) :
     Pandoc (>= 1.12.3) and/or pandoc-citeproc not available. Falling back to R Markdown v1.
    Quitting from lines 124-146 (Qtools.Rmd)
    Error: processing vignette 'Qtools.Rmd' failed with diagnostics:
    argument is of length zero
    --- failed re-building ‘Qtools.Rmd’
    
    SUMMARY: processing the following file failed:
     ‘Qtools.Rmd’
    
    Error: Vignette re-building failed.
    Execution halted
Flavors: r-patched-solaris-x86, r-release-macos-x86_64, r-oldrel-macos-x86_64