Last updated on 2020-12-31 00:46:53 CET.
Flavor | Version | Tinstall | Tcheck | Ttotal | Status | Flags |
---|---|---|---|---|---|---|
r-devel-linux-x86_64-debian-clang | 1.1.1 | 2.76 | 26.99 | 29.75 | OK | |
r-devel-linux-x86_64-debian-gcc | 1.1.1 | 2.31 | 21.27 | 23.58 | OK | |
r-devel-linux-x86_64-fedora-clang | 1.1.1 | 45.52 | OK | |||
r-devel-linux-x86_64-fedora-gcc | 1.1.1 | 35.94 | OK | |||
r-devel-windows-ix86+x86_64 | 1.1.1 | 6.00 | 32.00 | 38.00 | OK | |
r-patched-linux-x86_64 | 1.1.1 | 2.65 | 26.22 | 28.87 | OK | |
r-release-linux-x86_64 | 1.1.1 | 2.73 | 26.27 | 29.00 | OK | |
r-release-macos-x86_64 | 1.1.1 | ERROR | ||||
r-release-windows-ix86+x86_64 | 1.1.1 | 6.00 | 31.00 | 37.00 | OK | |
r-oldrel-macos-x86_64 | 1.1.1 | ERROR | ||||
r-oldrel-windows-ix86+x86_64 | 1.1.1 | 4.00 | 28.00 | 32.00 | OK |
Version: 1.1.1
Check: package dependencies
Result: ERROR
Package required but not available: ‘Rsymphony’
See section ‘The DESCRIPTION file’ in the ‘Writing R Extensions’
manual.
Flavors: r-release-macos-x86_64, r-oldrel-macos-x86_64