CRAN Package Check Results for Package Plasmode

Last updated on 2020-12-31 00:46:53 CET.

Flavor Version Tinstall Tcheck Ttotal Status Flags
r-devel-linux-x86_64-debian-clang 0.1.0 9.39 71.86 81.25 OK
r-devel-linux-x86_64-debian-gcc 0.1.0 7.60 55.39 62.99 OK
r-devel-linux-x86_64-fedora-clang 0.1.0 103.74 NOTE
r-devel-linux-x86_64-fedora-gcc 0.1.0 97.11 NOTE
r-devel-windows-ix86+x86_64 0.1.0 21.00 67.00 88.00 OK
r-patched-linux-x86_64 0.1.0 6.22 67.42 73.64 OK
r-patched-solaris-x86 0.1.0 138.00 NOTE
r-release-linux-x86_64 0.1.0 5.93 67.07 73.00 OK
r-release-macos-x86_64 0.1.0 NOTE
r-release-windows-ix86+x86_64 0.1.0 22.00 89.00 111.00 OK
r-oldrel-macos-x86_64 0.1.0 NOTE
r-oldrel-windows-ix86+x86_64 0.1.0 12.00 56.00 68.00 OK

Check Details

Version: 0.1.0
Check: dependencies in R code
Result: NOTE
    Namespaces in Imports field not imported from:
     ‘MASS’ ‘Matrix’ ‘RColorBrewer’ ‘arm’ ‘epiDisplay’ ‘foreign’ ‘gbm’
     ‘grid’ ‘lattice’ ‘latticeExtra’ ‘lme4’ ‘nnet’ ‘parallel’ ‘splines’
     ‘survey’ ‘twang’ ‘xtable’
     All declared Imports should be used.
Flavors: r-devel-linux-x86_64-fedora-clang, r-devel-linux-x86_64-fedora-gcc, r-patched-solaris-x86, r-release-macos-x86_64, r-oldrel-macos-x86_64