CRAN Package Check Results for Package PWD

Last updated on 2020-12-31 00:46:54 CET.

Flavor Version Tinstall Tcheck Ttotal Status Flags
r-devel-linux-x86_64-debian-clang 1.0 34.55 27.29 61.84 OK
r-devel-linux-x86_64-debian-gcc 1.0 20.36 21.56 41.92 OK
r-devel-linux-x86_64-fedora-clang 1.0 90.18 NOTE
r-devel-linux-x86_64-fedora-gcc 1.0 74.64 NOTE
r-devel-windows-ix86+x86_64 1.0 76.00 52.00 128.00 OK
r-patched-linux-x86_64 1.0 25.08 26.81 51.89 OK
r-patched-solaris-x86 1.0 85.80 OK
r-release-linux-x86_64 1.0 25.37 26.63 52.00 OK
r-release-macos-x86_64 1.0 OK
r-release-windows-ix86+x86_64 1.0 75.00 64.00 139.00 OK
r-oldrel-macos-x86_64 1.0 OK
r-oldrel-windows-ix86+x86_64 1.0 45.00 45.00 90.00 OK

Check Details

Version: 1.0
Check: compiled code
Result: NOTE
    File ‘PWD/libs/PWD.so’:
     Found no calls to: ‘R_registerRoutines’, ‘R_useDynamicSymbols’
    
    It is good practice to register native routines and to disable symbol
    search.
    
    See ‘Writing portable packages’ in the ‘Writing R Extensions’ manual.
Flavors: r-devel-linux-x86_64-fedora-clang, r-devel-linux-x86_64-fedora-gcc