CRAN Package Check Results for Package PPforest

Last updated on 2020-12-31 00:46:53 CET.

Flavor Version Tinstall Tcheck Ttotal Status Flags
r-devel-linux-x86_64-debian-clang 0.1.1 47.27 82.51 129.78 OK
r-devel-linux-x86_64-debian-gcc 0.1.1 36.06 60.68 96.74 OK
r-devel-linux-x86_64-fedora-clang 0.1.1 172.71 NOTE
r-devel-linux-x86_64-fedora-gcc 0.1.1 161.29 OK
r-devel-windows-ix86+x86_64 0.1.1 105.00 130.00 235.00 OK
r-patched-linux-x86_64 0.1.1 44.18 78.62 122.80 OK
r-patched-solaris-x86 0.1.1 170.10 OK
r-release-linux-x86_64 0.1.1 41.56 78.78 120.34 OK
r-release-macos-x86_64 0.1.1 NOTE
r-release-windows-ix86+x86_64 0.1.1 109.00 174.00 283.00 OK
r-oldrel-macos-x86_64 0.1.1 NOTE
r-oldrel-windows-ix86+x86_64 0.1.1 75.00 131.00 206.00 OK

Check Details

Version: 0.1.1
Check: installed package size
Result: NOTE
     installed size is 5.4Mb
     sub-directories of 1Mb or more:
     libs 4.2Mb
Flavors: r-devel-linux-x86_64-fedora-clang, r-release-macos-x86_64, r-oldrel-macos-x86_64