Last updated on 2020-12-31 00:46:53 CET.
Flavor | Version | Tinstall | Tcheck | Ttotal | Status | Flags |
---|---|---|---|---|---|---|
r-devel-linux-x86_64-debian-clang | 2.1.1 | 193.78 | 128.35 | 322.13 | OK | |
r-devel-linux-x86_64-debian-gcc | 2.1.1 | 107.67 | 96.35 | 204.02 | OK | |
r-devel-linux-x86_64-fedora-clang | 2.1.1 | 444.08 | NOTE | |||
r-devel-linux-x86_64-fedora-gcc | 2.1.1 | 376.16 | NOTE | |||
r-devel-windows-ix86+x86_64 | 2.1.1 | 413.00 | 199.00 | 612.00 | OK | |
r-patched-linux-x86_64 | 2.1.1 | 135.73 | 119.79 | 255.52 | OK | |
r-patched-solaris-x86 | 2.1.1 | 416.50 | NOTE | |||
r-release-linux-x86_64 | 2.1.1 | 136.72 | 119.59 | 256.31 | OK | |
r-release-macos-x86_64 | 2.1.1 | NOTE | ||||
r-release-windows-ix86+x86_64 | 2.1.1 | 420.00 | 256.00 | 676.00 | OK | |
r-oldrel-macos-x86_64 | 2.1.1 | NOTE | ||||
r-oldrel-windows-ix86+x86_64 | 2.1.1 | 285.00 | 176.00 | 461.00 | OK |
Version: 2.1.1
Check: dependencies in R code
Result: NOTE
Namespaces in Imports field not imported from:
‘PlackettLuce’ ‘StatRank’ ‘pmr’ ‘prefmod’ ‘rankdist’
All declared Imports should be used.
Flavors: r-devel-linux-x86_64-fedora-clang, r-devel-linux-x86_64-fedora-gcc, r-patched-solaris-x86, r-release-macos-x86_64, r-oldrel-macos-x86_64