CRAN Package Check Results for Package PCMBaseCpp

Last updated on 2020-12-31 00:46:53 CET.

Flavor Version Tinstall Tcheck Ttotal Status Flags
r-devel-linux-x86_64-debian-clang 0.1.9 151.03 381.42 532.45 OK
r-devel-linux-x86_64-debian-gcc 0.1.9 141.47 274.08 415.55 OK
r-devel-linux-x86_64-fedora-clang 0.1.9 660.90 NOTE
r-devel-linux-x86_64-fedora-gcc 0.1.9 689.73 OK
r-devel-windows-ix86+x86_64 0.1.9 341.00 544.00 885.00 NOTE
r-patched-linux-x86_64 0.1.9 164.56 360.58 525.14 OK
r-patched-solaris-x86 0.1.9 754.20 OK
r-release-linux-x86_64 0.1.9 154.04 359.94 513.98 OK
r-release-macos-x86_64 0.1.9 NOTE
r-release-windows-ix86+x86_64 0.1.9 347.00 701.00 1048.00 NOTE
r-oldrel-macos-x86_64 0.1.9 NOTE
r-oldrel-windows-ix86+x86_64 0.1.9 280.00 448.00 728.00 NOTE

Check Details

Version: 0.1.9
Check: installed package size
Result: NOTE
     installed size is 33.0Mb
     sub-directories of 1Mb or more:
     libs 31.9Mb
Flavors: r-devel-linux-x86_64-fedora-clang, r-devel-windows-ix86+x86_64, r-release-macos-x86_64, r-release-windows-ix86+x86_64, r-oldrel-macos-x86_64, r-oldrel-windows-ix86+x86_64