CRAN Package Check Results for Package OwenQ

Last updated on 2020-12-31 00:46:52 CET.

Flavor Version Tinstall Tcheck Ttotal Status Flags
r-devel-linux-x86_64-debian-clang 1.0.3 70.62 254.89 325.51 OK
r-devel-linux-x86_64-debian-gcc 1.0.3 49.66 184.47 234.13 OK
r-devel-linux-x86_64-fedora-clang 1.0.3 395.52 NOTE
r-devel-linux-x86_64-fedora-gcc 1.0.3 390.50 OK
r-devel-windows-ix86+x86_64 1.0.3 157.00 276.00 433.00 OK
r-patched-linux-x86_64 1.0.3 58.55 243.31 301.86 OK
r-patched-solaris-x86 1.0.3 397.40 OK
r-release-linux-x86_64 1.0.3 56.76 243.80 300.56 OK
r-release-macos-x86_64 1.0.3 NOTE
r-release-windows-ix86+x86_64 1.0.3 157.00 343.00 500.00 OK
r-oldrel-macos-x86_64 1.0.3 NOTE
r-oldrel-windows-ix86+x86_64 1.0.3 99.00 224.00 323.00 OK

Additional issues

M1mac

Check Details

Version: 1.0.3
Check: installed package size
Result: NOTE
     installed size is 10.4Mb
     sub-directories of 1Mb or more:
     libs 10.0Mb
Flavors: r-devel-linux-x86_64-fedora-clang, r-release-macos-x86_64, r-oldrel-macos-x86_64