CRAN Package Check Results for Package OneArmPhaseTwoStudy

Last updated on 2020-12-31 00:46:52 CET.

Flavor Version Tinstall Tcheck Ttotal Status Flags
r-devel-linux-x86_64-debian-clang 1.0.3 59.55 78.65 138.20 OK
r-devel-linux-x86_64-debian-gcc 1.0.3 43.70 69.32 113.02 OK
r-devel-linux-x86_64-fedora-clang 1.0.3 210.45 NOTE
r-devel-linux-x86_64-fedora-gcc 1.0.3 190.97 OK
r-devel-windows-ix86+x86_64 1.0.3 139.00 164.00 303.00 OK
r-patched-linux-x86_64 1.0.3 51.36 85.47 136.83 OK
r-patched-solaris-x86 1.0.3 192.10 OK
r-release-linux-x86_64 1.0.3 51.04 85.05 136.09 OK
r-release-macos-x86_64 1.0.3 NOTE
r-release-windows-ix86+x86_64 1.0.3 137.00 175.00 312.00 OK
r-oldrel-macos-x86_64 1.0.3 OK
r-oldrel-windows-ix86+x86_64 1.0.3 93.00 148.00 241.00 OK

Additional issues

clang-UBSAN gcc-UBSAN valgrind

Check Details

Version: 1.0.3
Check: installed package size
Result: NOTE
     installed size is 5.7Mb
     sub-directories of 1Mb or more:
     libs 5.5Mb
Flavors: r-devel-linux-x86_64-fedora-clang, r-release-macos-x86_64