CRAN Package Check Results for Package OncoBayes2

Last updated on 2020-12-31 00:46:52 CET.

Flavor Version Tinstall Tcheck Ttotal Status Flags
r-devel-linux-x86_64-debian-clang 0.6-5 182.83 172.27 355.10 NOTE
r-devel-linux-x86_64-debian-gcc 0.6-5 136.87 133.03 269.90 NOTE
r-devel-linux-x86_64-fedora-clang 0.6-5 460.24 NOTE
r-devel-linux-x86_64-fedora-gcc 0.6-5 457.50 NOTE
r-devel-windows-ix86+x86_64 0.6-5 359.00 314.00 673.00 NOTE
r-patched-linux-x86_64 0.6-5 123.81 167.33 291.14 NOTE
r-patched-solaris-x86 0.6-5 483.90 NOTE
r-release-linux-x86_64 0.6-5 156.22 166.22 322.44 NOTE
r-release-macos-x86_64 0.6-5 NOTE
r-release-windows-ix86+x86_64 0.6-5 361.00 355.00 716.00 NOTE
r-oldrel-macos-x86_64 0.6-5 NOTE
r-oldrel-windows-ix86+x86_64 0.6-5 245.00 244.00 489.00 NOTE

Check Details

Version: 0.6-5
Check: for GNU extensions in Makefiles
Result: NOTE
    GNU make is a SystemRequirements.
Flavors: r-devel-linux-x86_64-debian-clang, r-devel-linux-x86_64-debian-gcc, r-devel-linux-x86_64-fedora-clang, r-devel-linux-x86_64-fedora-gcc, r-devel-windows-ix86+x86_64, r-patched-linux-x86_64, r-patched-solaris-x86, r-release-linux-x86_64, r-release-macos-x86_64, r-release-windows-ix86+x86_64, r-oldrel-macos-x86_64, r-oldrel-windows-ix86+x86_64

Version: 0.6-5
Check: installed package size
Result: NOTE
     installed size is 42.2Mb
     sub-directories of 1Mb or more:
     libs 41.1Mb
Flavors: r-devel-linux-x86_64-fedora-clang, r-devel-windows-ix86+x86_64, r-release-macos-x86_64, r-release-windows-ix86+x86_64, r-oldrel-macos-x86_64, r-oldrel-windows-ix86+x86_64

Version: 0.6-5
Check: dependencies in R code
Result: NOTE
    Namespaces in Imports field not imported from:
     ‘bayesplot’ ‘ggplot2’
     All declared Imports should be used.
Flavors: r-devel-linux-x86_64-fedora-clang, r-devel-linux-x86_64-fedora-gcc, r-patched-solaris-x86, r-release-macos-x86_64, r-oldrel-macos-x86_64