CRAN Package Check Results for Package NetworkReg

Last updated on 2020-12-31 00:46:51 CET.

Flavor Version Tinstall Tcheck Ttotal Status Flags
r-devel-linux-x86_64-debian-clang 1.0 7.36 69.41 76.77 OK
r-devel-linux-x86_64-debian-gcc 1.0 6.21 53.44 59.65 OK
r-devel-linux-x86_64-fedora-clang 1.0 100.79 NOTE
r-devel-linux-x86_64-fedora-gcc 1.0 91.66 NOTE
r-devel-windows-ix86+x86_64 1.0 17.00 71.00 88.00 OK
r-patched-linux-x86_64 1.0 7.18 64.36 71.54 OK
r-patched-solaris-x86 1.0 142.70 NOTE
r-release-linux-x86_64 1.0 7.00 65.35 72.35 OK
r-release-macos-x86_64 1.0 NOTE
r-release-windows-ix86+x86_64 1.0 19.00 84.00 103.00 OK
r-oldrel-macos-x86_64 1.0 NOTE
r-oldrel-windows-ix86+x86_64 1.0 10.00 57.00 67.00 OK

Check Details

Version: 1.0
Check: dependencies in R code
Result: NOTE
    Namespace in Imports field not imported from: ‘methods’
     All declared Imports should be used.
Flavors: r-devel-linux-x86_64-fedora-clang, r-devel-linux-x86_64-fedora-gcc, r-patched-solaris-x86, r-release-macos-x86_64, r-oldrel-macos-x86_64