CRAN Package Check Results for Package NetRep

Last updated on 2020-12-31 00:46:51 CET.

Flavor Version Tinstall Tcheck Ttotal Status Flags
r-devel-linux-x86_64-debian-clang 1.2.4 164.91 152.48 317.39 OK
r-devel-linux-x86_64-debian-gcc 1.2.4 111.86 116.88 228.74 OK
r-devel-linux-x86_64-fedora-clang 1.2.4 422.14 NOTE
r-devel-linux-x86_64-fedora-gcc 1.2.4 398.96 OK
r-devel-windows-ix86+x86_64 1.2.4 379.00 200.00 579.00 OK
r-patched-linux-x86_64 1.2.4 130.35 147.83 278.18 OK
r-patched-solaris-x86 1.2.4 332.30 ERROR
r-release-linux-x86_64 1.2.4 130.52 148.52 279.04 OK
r-release-macos-x86_64 1.2.4 NOTE
r-release-windows-ix86+x86_64 1.2.4 374.00 227.00 601.00 OK
r-oldrel-macos-x86_64 1.2.4 NOTE
r-oldrel-windows-ix86+x86_64 1.2.4 231.00 179.00 410.00 OK

Check Details

Version: 1.2.4
Check: installed package size
Result: NOTE
     installed size is 9.4Mb
     sub-directories of 1Mb or more:
     doc 1.4Mb
     libs 7.0Mb
Flavors: r-devel-linux-x86_64-fedora-clang, r-release-macos-x86_64, r-oldrel-macos-x86_64

Version: 1.2.4
Check: tests
Result: ERROR
     Running ‘testthat.R’ [0m/180m]
    Running the tests in ‘tests/testthat.R’ failed.
    Complete output:
     > library(testthat)
     > library(NetRep)
     >
     > test_check("NetRep")
    
     *** caught segfault ***
     address b04da5be, cause 'memory not mapped'
Flavor: r-patched-solaris-x86

Version: 1.2.4
Check: re-building of vignette outputs
Result: WARN
    Error(s) in re-building vignettes:
     ...
    --- re-building ‘NetRep.Rmd’ using rmarkdown
    Warning in engine$weave(file, quiet = quiet, encoding = enc) :
     Pandoc (>= 1.12.3) and/or pandoc-citeproc not available. Falling back to R Markdown v1.
    
     *** caught segfault ***
    address 6852ed00, cause 'memory not mapped'
Flavor: r-patched-solaris-x86