Last updated on 2020-12-31 00:46:51 CET.
Flavor | Version | Tinstall | Tcheck | Ttotal | Status | Flags |
---|---|---|---|---|---|---|
r-devel-linux-x86_64-debian-clang | 1.2.1 | 170.74 | 44.85 | 215.59 | NOTE | |
r-devel-linux-x86_64-debian-gcc | 1.2.1 | 98.59 | 33.86 | 132.45 | NOTE | |
r-devel-linux-x86_64-fedora-clang | 1.2.1 | 309.68 | NOTE | |||
r-devel-linux-x86_64-fedora-gcc | 1.2.1 | 255.75 | NOTE | |||
r-devel-windows-ix86+x86_64 | 1.2.1 | 363.00 | 75.00 | 438.00 | WARN | |
r-patched-linux-x86_64 | 1.2.1 | 124.48 | 41.68 | 166.16 | NOTE | |
r-patched-solaris-x86 | 1.2.1 | 219.40 | WARN | |||
r-release-linux-x86_64 | 1.2.1 | 123.87 | 42.03 | 165.90 | NOTE | |
r-release-macos-x86_64 | 1.2.1 | NOTE | ||||
r-release-windows-ix86+x86_64 | 1.2.1 | 369.00 | 93.00 | 462.00 | WARN | |
r-oldrel-macos-x86_64 | 1.2.1 | NOTE | ||||
r-oldrel-windows-ix86+x86_64 | 1.2.1 | 261.00 | 69.00 | 330.00 | WARN |
Version: 1.2.1
Check: for GNU extensions in Makefiles
Result: NOTE
GNU make is a SystemRequirements.
Flavors: r-devel-linux-x86_64-debian-clang, r-devel-linux-x86_64-debian-gcc, r-devel-linux-x86_64-fedora-clang, r-devel-linux-x86_64-fedora-gcc, r-devel-windows-ix86+x86_64, r-patched-linux-x86_64, r-patched-solaris-x86, r-release-linux-x86_64, r-release-macos-x86_64, r-release-windows-ix86+x86_64, r-oldrel-macos-x86_64, r-oldrel-windows-ix86+x86_64
Version: 1.2.1
Check: installed package size
Result: NOTE
installed size is 6.2Mb
sub-directories of 1Mb or more:
libs 5.5Mb
Flavor: r-devel-linux-x86_64-fedora-clang
Version: 1.2.1
Check: whether package can be installed
Result: WARN
Found the following significant warnings:
generateData.cpp:105:18: warning: passing NULL to non-pointer argument 1 of 'Rcpp::Vector<RTYPE, StoragePolicy>::Vector(const int&) [with int RTYPE = 19; StoragePolicy = Rcpp::PreserveStorage]' [-Wconversion-null]
Flavors: r-devel-windows-ix86+x86_64, r-patched-solaris-x86, r-release-windows-ix86+x86_64, r-oldrel-windows-ix86+x86_64