CRAN Package Check Results for Package NPMLEmix

Last updated on 2020-12-31 00:46:52 CET.

Flavor Version Tinstall Tcheck Ttotal Status Flags
r-devel-linux-x86_64-debian-clang 1.2 14.97 105.48 120.45 OK
r-devel-linux-x86_64-debian-gcc 1.2 11.79 79.88 91.67 OK
r-devel-linux-x86_64-fedora-clang 1.2 152.92 NOTE
r-devel-linux-x86_64-fedora-gcc 1.2 146.38 NOTE
r-devel-windows-ix86+x86_64 1.2 34.00 105.00 139.00 OK
r-patched-linux-x86_64 1.2 10.31 98.13 108.44 OK
r-release-linux-x86_64 1.2 10.40 100.06 110.46 OK
r-release-macos-x86_64 1.2 NOTE
r-release-windows-ix86+x86_64 1.2 35.00 129.00 164.00 OK
r-oldrel-macos-x86_64 1.2 NOTE
r-oldrel-windows-ix86+x86_64 1.2 0.00 4.00 4.00 ERROR

Check Details

Version: 1.2
Check: dependencies in R code
Result: NOTE
    Namespaces in Imports field not imported from:
     ‘CAMAN’ ‘Hmisc’ ‘latexpdf’ ‘spatstat’
     All declared Imports should be used.
Flavors: r-devel-linux-x86_64-fedora-clang, r-devel-linux-x86_64-fedora-gcc, r-release-macos-x86_64, r-oldrel-macos-x86_64

Version: 1.2
Check: package dependencies
Result: ERROR
    Package required but not available: 'REBayes'
    
    See section 'The DESCRIPTION file' in the 'Writing R Extensions'
    manual.
Flavor: r-oldrel-windows-ix86+x86_64