Last updated on 2020-12-31 00:46:51 CET.
Flavor | Version | Tinstall | Tcheck | Ttotal | Status | Flags |
---|---|---|---|---|---|---|
r-devel-linux-x86_64-debian-clang | 0.2.0 | 1.84 | 63.54 | 65.38 | OK | |
r-devel-linux-x86_64-debian-gcc | 0.2.0 | 1.59 | 46.95 | 48.54 | OK | |
r-devel-linux-x86_64-fedora-clang | 0.2.0 | 84.67 | NOTE | |||
r-devel-linux-x86_64-fedora-gcc | 0.2.0 | 77.95 | NOTE | |||
r-devel-windows-ix86+x86_64 | 0.2.0 | 5.00 | 73.00 | 78.00 | OK | |
r-patched-linux-x86_64 | 0.2.0 | 2.08 | 60.58 | 62.66 | OK | |
r-patched-solaris-x86 | 0.2.0 | 108.90 | NOTE | |||
r-release-linux-x86_64 | 0.2.0 | 1.93 | 61.19 | 63.12 | OK | |
r-release-macos-x86_64 | 0.2.0 | NOTE | ||||
r-release-windows-ix86+x86_64 | 0.2.0 | 5.00 | 87.00 | 92.00 | OK | |
r-oldrel-macos-x86_64 | 0.2.0 | NOTE | ||||
r-oldrel-windows-ix86+x86_64 | 0.2.0 | 3.00 | 67.00 | 70.00 | OK |
Version: 0.2.0
Check: dependencies in R code
Result: NOTE
Namespace in Imports field not imported from: ‘tibble’
All declared Imports should be used.
Flavors: r-devel-linux-x86_64-fedora-clang, r-devel-linux-x86_64-fedora-gcc, r-patched-solaris-x86, r-release-macos-x86_64, r-oldrel-macos-x86_64