Last updated on 2020-12-31 00:46:51 CET.
Flavor | Version | Tinstall | Tcheck | Ttotal | Status | Flags |
---|---|---|---|---|---|---|
r-devel-linux-x86_64-debian-clang | 1.1 | 7.04 | 67.25 | 74.29 | NOTE | |
r-devel-linux-x86_64-debian-gcc | 1.1 | 6.19 | 52.18 | 58.37 | NOTE | |
r-devel-linux-x86_64-fedora-clang | 1.1 | 99.86 | NOTE | |||
r-devel-linux-x86_64-fedora-gcc | 1.1 | 90.56 | NOTE | |||
r-devel-windows-ix86+x86_64 | 1.1 | 17.00 | 70.00 | 87.00 | NOTE | |
r-patched-linux-x86_64 | 1.1 | 6.47 | 63.05 | 69.52 | NOTE | |
r-patched-solaris-x86 | 1.1 | 127.00 | NOTE | |||
r-release-linux-x86_64 | 1.1 | 7.49 | 62.99 | 70.48 | NOTE | |
r-release-macos-x86_64 | 1.1 | NOTE | ||||
r-release-windows-ix86+x86_64 | 1.1 | 17.00 | 89.00 | 106.00 | NOTE | |
r-oldrel-macos-x86_64 | 1.1 | NOTE | ||||
r-oldrel-windows-ix86+x86_64 | 1.1 | 10.00 | 58.00 | 68.00 | NOTE |
Version: 1.1
Check: R code for possible problems
Result: NOTE
population: no visible global function definition for 'weighted.mean'
population: no visible global function definition for 'rpois'
population: no visible global function definition for 'lm'
population: no visible global function definition for 'coefficients'
population: no visible global function definition for 'sd'
population: no visible global function definition for 'par'
population: no visible global function definition for 'lines'
Undefined global functions or variables:
coefficients lines lm par rpois sd weighted.mean
Consider adding
importFrom("graphics", "lines", "par")
importFrom("stats", "coefficients", "lm", "rpois", "sd",
"weighted.mean")
to your NAMESPACE file.
Flavors: r-devel-linux-x86_64-debian-clang, r-devel-linux-x86_64-debian-gcc, r-devel-linux-x86_64-fedora-clang, r-devel-linux-x86_64-fedora-gcc, r-devel-windows-ix86+x86_64, r-patched-linux-x86_64, r-patched-solaris-x86, r-release-linux-x86_64, r-release-macos-x86_64, r-release-windows-ix86+x86_64
Version: 1.1
Check: R code for possible problems
Result: NOTE
population: no visible global function definition for ‘weighted.mean’
population: no visible global function definition for ‘rpois’
population: no visible global function definition for ‘lm’
population: no visible global function definition for ‘coefficients’
population: no visible global function definition for ‘sd’
population: no visible global function definition for ‘par’
population: no visible global function definition for ‘plot’
population: no visible global function definition for ‘lines’
Undefined global functions or variables:
coefficients lines lm par plot rpois sd weighted.mean
Consider adding
importFrom("graphics", "lines", "par", "plot")
importFrom("stats", "coefficients", "lm", "rpois", "sd",
"weighted.mean")
to your NAMESPACE file.
Flavors: r-oldrel-macos-x86_64, r-oldrel-windows-ix86+x86_64