CRAN Package Check Results for Package MetaStan

Last updated on 2020-12-31 00:46:50 CET.

Flavor Version Tinstall Tcheck Ttotal Status Flags
r-devel-linux-x86_64-debian-clang 0.2.0 909.92 146.43 1056.35 NOTE
r-devel-linux-x86_64-debian-gcc 0.2.0 674.18 144.13 818.31 NOTE
r-devel-linux-x86_64-fedora-clang 0.2.0 1475.78 NOTE
r-devel-linux-x86_64-fedora-gcc 0.2.0 1586.99 NOTE
r-devel-windows-ix86+x86_64 0.2.0 1948.00 278.00 2226.00 NOTE
r-patched-linux-x86_64 0.2.0 658.86 183.30 842.16 NOTE
r-patched-solaris-x86 0.2.0 1361.50 NOTE
r-release-linux-x86_64 0.2.0 690.21 181.47 871.68 NOTE
r-release-macos-x86_64 0.2.0 NOTE
r-release-windows-ix86+x86_64 0.2.0 1397.00 8.00 1405.00 ERROR
r-oldrel-macos-x86_64 0.2.0 NOTE
r-oldrel-windows-ix86+x86_64 0.2.0 1290.00 214.00 1504.00 NOTE

Check Details

Version: 0.2.0
Check: for GNU extensions in Makefiles
Result: NOTE
    GNU make is a SystemRequirements.
Flavors: r-devel-linux-x86_64-debian-clang, r-devel-linux-x86_64-debian-gcc, r-devel-linux-x86_64-fedora-clang, r-devel-linux-x86_64-fedora-gcc, r-devel-windows-ix86+x86_64, r-patched-linux-x86_64, r-patched-solaris-x86, r-release-linux-x86_64, r-release-macos-x86_64, r-oldrel-macos-x86_64, r-oldrel-windows-ix86+x86_64

Version: 0.2.0
Check: installed package size
Result: NOTE
     installed size is 133.9Mb
     sub-directories of 1Mb or more:
     libs 133.5Mb
Flavors: r-devel-linux-x86_64-fedora-clang, r-devel-windows-ix86+x86_64, r-patched-solaris-x86, r-release-macos-x86_64, r-oldrel-macos-x86_64, r-oldrel-windows-ix86+x86_64

Version: 0.2.0
Check: whether package can be installed
Result: ERROR
    Installation failed.
Flavor: r-release-windows-ix86+x86_64