CRAN Package Check Results for Package MendelianRandomization

Last updated on 2020-12-31 00:46:50 CET.

Flavor Version Tinstall Tcheck Ttotal Status Flags
r-devel-linux-x86_64-debian-clang 0.5.0 24.29 189.61 213.90 OK
r-devel-linux-x86_64-debian-gcc 0.5.0 19.63 139.11 158.74 OK
r-devel-linux-x86_64-fedora-clang 0.5.0 259.47 WARN
r-devel-linux-x86_64-fedora-gcc 0.5.0 255.31 OK
r-devel-windows-ix86+x86_64 0.5.0 49.00 180.00 229.00 OK
r-patched-linux-x86_64 0.5.0 22.15 178.79 200.94 OK
r-patched-solaris-x86 0.5.0 336.80 OK
r-release-linux-x86_64 0.5.0 23.78 177.42 201.20 OK
r-release-macos-x86_64 0.5.0 OK
r-release-windows-ix86+x86_64 0.5.0 48.00 231.00 279.00 OK
r-oldrel-macos-x86_64 0.5.0 ERROR
r-oldrel-windows-ix86+x86_64 0.5.0 32.00 139.00 171.00 ERROR

Check Details

Version: 0.5.0
Check: package dependencies
Result: WARN
    Requires orphaned package: ‘plotly’
Flavor: r-devel-linux-x86_64-fedora-clang

Version: 0.5.0
Check: examples
Result: ERROR
    Running examples in ‘MendelianRandomization-Ex.R’ failed
    The error most likely occurred in:
    
    > ### Name: mr_forest
    > ### Title: Draw a forest plot of causal estimates
    > ### Aliases: mr_forest mr_forest,MRInput-method
    >
    > ### ** Examples
    >
    > mr_forest(mr_input(bx = ldlc, bxse = ldlcse, by = chdlodds, byse = chdloddsse),
    + alpha = 0.01, ordered = TRUE)
    Error in `levels<-`(`*tmp*`, value = as.character(levels)) :
     factor level [13] is duplicated
    Calls: mr_forest -> mr_forest -> factor
    Execution halted
Flavors: r-oldrel-macos-x86_64, r-oldrel-windows-ix86+x86_64