Last updated on 2020-12-31 00:46:50 CET.
Flavor | Version | Tinstall | Tcheck | Ttotal | Status | Flags |
---|---|---|---|---|---|---|
r-devel-linux-x86_64-debian-clang | 1.0 | 25.74 | 25.77 | 51.51 | OK | |
r-devel-linux-x86_64-debian-gcc | 1.0 | 15.57 | 20.41 | 35.98 | OK | |
r-devel-linux-x86_64-fedora-clang | 1.0 | 78.28 | NOTE | |||
r-devel-linux-x86_64-fedora-gcc | 1.0 | 62.57 | NOTE | |||
r-devel-windows-ix86+x86_64 | 1.0 | 59.00 | 52.00 | 111.00 | OK | |
r-patched-linux-x86_64 | 1.0 | 19.91 | 25.31 | 45.22 | OK | |
r-patched-solaris-x86 | 1.0 | 73.90 | OK | |||
r-release-linux-x86_64 | 1.0 | 18.36 | 24.92 | 43.28 | OK | |
r-release-macos-x86_64 | 1.0 | OK | ||||
r-release-windows-ix86+x86_64 | 1.0 | 59.00 | 68.00 | 127.00 | OK | |
r-oldrel-macos-x86_64 | 1.0 | OK | ||||
r-oldrel-windows-ix86+x86_64 | 1.0 | 38.00 | 45.00 | 83.00 | OK |
Version: 1.0
Check: compiled code
Result: NOTE
File ‘MediaK/libs/MediaK.so’:
Found no calls to: ‘R_registerRoutines’, ‘R_useDynamicSymbols’
It is good practice to register native routines and to disable symbol
search.
See ‘Writing portable packages’ in the ‘Writing R Extensions’ manual.
Flavors: r-devel-linux-x86_64-fedora-clang, r-devel-linux-x86_64-fedora-gcc