CRAN Package Check Results for Package Matrix.utils

Last updated on 2020-12-31 00:46:48 CET.

Flavor Version Tinstall Tcheck Ttotal Status Flags
r-devel-linux-x86_64-debian-clang 0.9.8 9.02 69.49 78.51 OK
r-devel-linux-x86_64-debian-gcc 0.9.8 6.22 53.51 59.73 OK
r-devel-linux-x86_64-fedora-clang 0.9.8 100.22 NOTE
r-devel-linux-x86_64-fedora-gcc 0.9.8 91.52 OK
r-devel-windows-ix86+x86_64 0.9.8 18.00 63.00 81.00 OK
r-patched-linux-x86_64 0.9.8 7.86 65.32 73.18 OK
r-patched-solaris-x86 0.9.8 134.40 OK
r-release-linux-x86_64 0.9.8 7.12 64.76 71.88 OK
r-release-macos-x86_64 0.9.8 OK
r-release-windows-ix86+x86_64 0.9.8 17.00 70.00 87.00 OK
r-oldrel-macos-x86_64 0.9.8 OK
r-oldrel-windows-ix86+x86_64 0.9.8 13.00 63.00 76.00 OK

Check Details

Version: 0.9.8
Check: Rd cross-references
Result: NOTE
    Undeclared packages ‘dplyr’, ‘plyr’, ‘reshape2’, ‘reshape’ in Rd xrefs
Flavor: r-devel-linux-x86_64-fedora-clang