Last updated on 2020-12-31 00:46:48 CET.
Flavor | Version | Tinstall | Tcheck | Ttotal | Status | Flags |
---|---|---|---|---|---|---|
r-devel-linux-x86_64-debian-clang | 0.2.1 | 4.50 | 20.50 | 25.00 | NOTE | |
r-devel-linux-x86_64-debian-gcc | 0.2.1 | 3.57 | 16.28 | 19.85 | NOTE | |
r-devel-linux-x86_64-fedora-clang | 0.2.1 | 41.02 | NOTE | |||
r-devel-linux-x86_64-fedora-gcc | 0.2.1 | 30.23 | NOTE | |||
r-devel-windows-ix86+x86_64 | 0.2.1 | 13.00 | 39.00 | 52.00 | NOTE | |
r-patched-linux-x86_64 | 0.2.1 | 4.09 | 20.17 | 24.26 | NOTE | |
r-patched-solaris-x86 | 0.2.1 | 45.50 | NOTE | |||
r-release-linux-x86_64 | 0.2.1 | 3.91 | 19.90 | 23.81 | NOTE | |
r-release-macos-x86_64 | 0.2.1 | NOTE | ||||
r-release-windows-ix86+x86_64 | 0.2.1 | 10.00 | 49.00 | 59.00 | NOTE | |
r-oldrel-macos-x86_64 | 0.2.1 | NOTE | ||||
r-oldrel-windows-ix86+x86_64 | 0.2.1 | 12.00 | 39.00 | 51.00 | NOTE |
Version: 0.2.1
Check: dependencies in R code
Result: NOTE
Package in Depends field not imported from: 'mnormt'
These packages need to be imported from (in the NAMESPACE file)
for when this namespace is loaded but not attached.
Flavors: r-devel-linux-x86_64-debian-clang, r-devel-linux-x86_64-debian-gcc, r-devel-linux-x86_64-fedora-clang, r-devel-linux-x86_64-fedora-gcc, r-devel-windows-ix86+x86_64, r-patched-linux-x86_64, r-patched-solaris-x86, r-release-linux-x86_64, r-release-macos-x86_64, r-release-windows-ix86+x86_64, r-oldrel-macos-x86_64, r-oldrel-windows-ix86+x86_64
Version: 0.2.1
Check: R code for possible problems
Result: NOTE
catt.test: no visible global function definition for 'pnorm'
fnorm2: no visible global function definition for 'sadmvn'
fnorm3: no visible global function definition for 'sadmvn'
Undefined global functions or variables:
pnorm sadmvn
Consider adding
importFrom("stats", "pnorm")
to your NAMESPACE file.
Flavors: r-devel-linux-x86_64-debian-clang, r-devel-linux-x86_64-debian-gcc, r-devel-linux-x86_64-fedora-clang, r-devel-linux-x86_64-fedora-gcc, r-devel-windows-ix86+x86_64, r-patched-linux-x86_64, r-patched-solaris-x86, r-release-linux-x86_64, r-release-macos-x86_64, r-release-windows-ix86+x86_64, r-oldrel-macos-x86_64, r-oldrel-windows-ix86+x86_64
Version: 0.2.1
Check: compiled code
Result: NOTE
File ‘MaXact/libs/MaXact.so’:
Found no calls to: ‘R_registerRoutines’, ‘R_useDynamicSymbols’
It is good practice to register native routines and to disable symbol
search.
See ‘Writing portable packages’ in the ‘Writing R Extensions’ manual.
Flavors: r-devel-linux-x86_64-fedora-clang, r-devel-linux-x86_64-fedora-gcc