CRAN Package Check Results for Package MVB

Last updated on 2020-12-31 00:46:51 CET.

Flavor Version Tinstall Tcheck Ttotal Status Flags
r-devel-linux-x86_64-debian-clang 1.1 114.22 35.17 149.39 NOTE
r-devel-linux-x86_64-debian-gcc 1.1 81.32 26.99 108.31 NOTE
r-devel-linux-x86_64-fedora-clang 1.1 226.68 NOTE
r-devel-linux-x86_64-fedora-gcc 1.1 200.67 NOTE
r-devel-windows-ix86+x86_64 1.1 282.00 80.00 362.00 NOTE
r-patched-linux-x86_64 1.1 98.77 33.93 132.70 NOTE
r-patched-solaris-x86 1.1 198.80 NOTE
r-release-linux-x86_64 1.1 92.61 33.31 125.92 NOTE
r-release-macos-x86_64 1.1 NOTE
r-release-windows-ix86+x86_64 1.1 276.00 99.00 375.00 NOTE
r-oldrel-macos-x86_64 1.1 NOTE
r-oldrel-windows-ix86+x86_64 1.1 183.00 73.00 256.00 NOTE

Check Details

Version: 1.1
Check: DESCRIPTION meta-information
Result: NOTE
    Malformed Description field: should contain one or more complete sentences.
Flavors: r-devel-linux-x86_64-debian-clang, r-devel-linux-x86_64-debian-gcc, r-devel-linux-x86_64-fedora-clang, r-devel-linux-x86_64-fedora-gcc, r-devel-windows-ix86+x86_64, r-patched-linux-x86_64, r-patched-solaris-x86, r-release-linux-x86_64, r-release-macos-x86_64, r-release-windows-ix86+x86_64, r-oldrel-macos-x86_64, r-oldrel-windows-ix86+x86_64

Version: 1.1
Check: R code for possible problems
Result: NOTE
    mvb.simu: no visible global function definition for 'runif'
    plot.lps: no visible global function definition for 'matplot'
    unifit: no visible global function definition for 'model.frame'
    unifit: no visible global function definition for 'model.matrix'
    unifit: no visible global function definition for 'model.response'
    unilps: no visible global function definition for 'model.frame'
    unilps: no visible global function definition for 'model.matrix'
    unilps: no visible global function definition for 'model.response'
    Undefined global functions or variables:
     matplot model.frame model.matrix model.response runif
    Consider adding
     importFrom("graphics", "matplot")
     importFrom("stats", "model.frame", "model.matrix", "model.response",
     "runif")
    to your NAMESPACE file.
Flavors: r-devel-linux-x86_64-debian-clang, r-devel-linux-x86_64-debian-gcc, r-devel-linux-x86_64-fedora-clang, r-devel-linux-x86_64-fedora-gcc, r-devel-windows-ix86+x86_64, r-patched-linux-x86_64, r-patched-solaris-x86, r-release-linux-x86_64, r-release-macos-x86_64, r-release-windows-ix86+x86_64, r-oldrel-macos-x86_64, r-oldrel-windows-ix86+x86_64

Version: 1.1
Check: installed package size
Result: NOTE
     installed size is 7.1Mb
     sub-directories of 1Mb or more:
     libs 7.0Mb
Flavors: r-devel-linux-x86_64-fedora-clang, r-release-macos-x86_64, r-oldrel-macos-x86_64

Version: 1.1
Check: compiled code
Result: NOTE
    File ‘MVB/libs/MVB.so’:
     Found no calls to: ‘R_registerRoutines’, ‘R_useDynamicSymbols’
    
    It is good practice to register native routines and to disable symbol
    search.
    
    See ‘Writing portable packages’ in the ‘Writing R Extensions’ manual.
Flavors: r-devel-linux-x86_64-fedora-clang, r-devel-linux-x86_64-fedora-gcc