CRAN Package Check Results for Package MSGARCH

Last updated on 2020-12-31 00:46:51 CET.

Flavor Version Tinstall Tcheck Ttotal Status Flags
r-devel-linux-x86_64-debian-clang 2.42 390.57 378.06 768.63 OK
r-devel-linux-x86_64-debian-gcc 2.42 301.96 275.51 577.47 OK
r-devel-linux-x86_64-fedora-clang 2.42 1012.05 NOTE
r-devel-linux-x86_64-fedora-gcc 2.42 1013.31 OK
r-devel-windows-ix86+x86_64 2.42 901.00 505.00 1406.00 NOTE
r-patched-linux-x86_64 2.42 351.73 370.54 722.27 OK
r-patched-solaris-x86 2.42 955.00 NOTE
r-release-linux-x86_64 2.42 371.16 358.77 729.93 OK
r-release-macos-x86_64 2.42 NOTE
r-release-windows-ix86+x86_64 2.42 907.00 708.00 1615.00 NOTE
r-oldrel-macos-x86_64 2.42 NOTE
r-oldrel-windows-ix86+x86_64 2.42 643.00 441.00 1084.00 NOTE

Check Details

Version: 2.42
Check: installed package size
Result: NOTE
     installed size is 48.5Mb
     sub-directories of 1Mb or more:
     libs 48.1Mb
Flavors: r-devel-linux-x86_64-fedora-clang, r-devel-windows-ix86+x86_64, r-patched-solaris-x86, r-release-macos-x86_64, r-release-windows-ix86+x86_64, r-oldrel-macos-x86_64, r-oldrel-windows-ix86+x86_64