Last updated on 2020-12-31 00:46:51 CET.
Flavor | Version | Tinstall | Tcheck | Ttotal | Status | Flags |
---|---|---|---|---|---|---|
r-devel-linux-x86_64-debian-clang | 1.13.0 | 59.79 | 180.91 | 240.70 | OK | |
r-devel-linux-x86_64-debian-gcc | 1.13.0 | 43.85 | 140.25 | 184.10 | OK | |
r-devel-linux-x86_64-fedora-clang | 1.13.0 | 305.65 | NOTE | |||
r-devel-linux-x86_64-fedora-gcc | 1.13.0 | 292.08 | OK | |||
r-devel-windows-ix86+x86_64 | 1.13.0 | 125.00 | 199.00 | 324.00 | OK | |
r-patched-linux-x86_64 | 1.13.0 | 51.83 | 173.19 | 225.02 | OK | |
r-patched-solaris-x86 | 1.13.0 | 320.40 | OK | |||
r-release-linux-x86_64 | 1.13.0 | 48.37 | 173.37 | 221.74 | OK | |
r-release-macos-x86_64 | 1.13.0 | NOTE | ||||
r-release-windows-ix86+x86_64 | 1.13.0 | 123.00 | 268.00 | 391.00 | OK | |
r-oldrel-macos-x86_64 | 1.13.0 | NOTE | ||||
r-oldrel-windows-ix86+x86_64 | 1.13.0 | 74.00 | 179.00 | 253.00 | OK |
Version: 1.13.0
Check: installed package size
Result: NOTE
installed size is 10.5Mb
sub-directories of 1Mb or more:
libs 9.3Mb
Flavors: r-devel-linux-x86_64-fedora-clang, r-release-macos-x86_64, r-oldrel-macos-x86_64