CRAN Package Check Results for Package MHMM

Last updated on 2020-12-31 00:46:50 CET.

Flavor Version Tinstall Tcheck Ttotal Status Flags
r-devel-linux-x86_64-debian-clang 1.0.0 71.37 58.80 130.17 OK
r-devel-linux-x86_64-debian-gcc 1.0.0 52.00 43.15 95.15 OK
r-devel-linux-x86_64-fedora-clang 1.0.0 184.06 NOTE
r-devel-linux-x86_64-fedora-gcc 1.0.0 166.15 OK
r-devel-windows-ix86+x86_64 1.0.0 173.00 101.00 274.00 OK
r-patched-linux-x86_64 1.0.0 60.67 54.18 114.85 OK
r-patched-solaris-x86 1.0.0 183.60 OK
r-release-linux-x86_64 1.0.0 59.38 54.74 114.12 OK
r-release-macos-x86_64 1.0.0 NOTE
r-release-windows-ix86+x86_64 1.0.0 177.00 133.00 310.00 OK
r-oldrel-macos-x86_64 1.0.0 NOTE
r-oldrel-windows-ix86+x86_64 1.0.0 119.00 89.00 208.00 OK

Additional issues

clang-UBSAN

Check Details

Version: 1.0.0
Check: installed package size
Result: NOTE
     installed size is 5.2Mb
     sub-directories of 1Mb or more:
     libs 5.0Mb
Flavors: r-devel-linux-x86_64-fedora-clang, r-release-macos-x86_64, r-oldrel-macos-x86_64