CRAN Package Check Results for Package MDBED

Last updated on 2020-12-31 00:46:50 CET.

Flavor Version Tinstall Tcheck Ttotal Status Flags
r-devel-linux-x86_64-debian-clang 1.0.0 4.94 50.15 55.09 OK
r-devel-linux-x86_64-debian-gcc 1.0.0 3.65 37.78 41.43 OK
r-devel-linux-x86_64-fedora-clang 1.0.0 73.29 NOTE
r-devel-linux-x86_64-fedora-gcc 1.0.0 65.28 NOTE
r-devel-windows-ix86+x86_64 1.0.0 11.00 63.00 74.00 OK
r-patched-linux-x86_64 1.0.0 4.31 47.35 51.66 OK
r-patched-solaris-x86 1.0.0 93.80 NOTE
r-release-linux-x86_64 1.0.0 4.78 47.09 51.87 OK
r-release-macos-x86_64 1.0.0 NOTE
r-release-windows-ix86+x86_64 1.0.0 14.00 62.00 76.00 OK
r-oldrel-macos-x86_64 1.0.0 NOTE
r-oldrel-windows-ix86+x86_64 1.0.0 7.00 60.00 67.00 OK

Check Details

Version: 1.0.0
Check: dependencies in R code
Result: NOTE
    Namespace in Imports field not imported from: ‘psych’
     All declared Imports should be used.
Flavors: r-devel-linux-x86_64-fedora-clang, r-devel-linux-x86_64-fedora-gcc, r-patched-solaris-x86, r-release-macos-x86_64, r-oldrel-macos-x86_64