CRAN Package Check Results for Package MAINT.Data

Last updated on 2020-12-31 00:46:47 CET.

Flavor Version Tinstall Tcheck Ttotal Status Flags
r-devel-linux-x86_64-debian-clang 2.5.0 240.03 144.13 384.16 OK
r-devel-linux-x86_64-debian-gcc 2.5.0 161.48 104.25 265.73 OK
r-devel-linux-x86_64-fedora-clang 2.5.0 509.74 NOTE
r-devel-linux-x86_64-fedora-gcc 2.5.0 471.80 OK
r-devel-windows-ix86+x86_64 2.5.0 533.00 166.00 699.00 NOTE
r-patched-linux-x86_64 2.5.0 190.28 130.78 321.06 OK
r-patched-solaris-x86 2.5.0 467.80 OK
r-release-linux-x86_64 2.5.0 186.35 131.55 317.90 OK
r-release-macos-x86_64 2.5.0 NOTE
r-release-windows-ix86+x86_64 2.5.0 536.00 214.00 750.00 NOTE
r-oldrel-macos-x86_64 2.5.0 NOTE
r-oldrel-windows-ix86+x86_64 2.5.0 337.00 143.00 480.00 NOTE

Check Details

Version: 2.5.0
Check: installed package size
Result: NOTE
     installed size is 9.8Mb
     sub-directories of 1Mb or more:
     R 1.5Mb
     data 2.3Mb
     libs 5.7Mb
Flavors: r-devel-linux-x86_64-fedora-clang, r-devel-windows-ix86+x86_64, r-release-macos-x86_64, r-release-windows-ix86+x86_64, r-oldrel-macos-x86_64, r-oldrel-windows-ix86+x86_64