Last updated on 2020-12-31 00:46:47 CET.
Flavor | Version | Tinstall | Tcheck | Ttotal | Status | Flags |
---|---|---|---|---|---|---|
r-devel-linux-x86_64-debian-clang | 0.1.2 | 2.56 | 29.77 | 32.33 | OK | |
r-devel-linux-x86_64-debian-gcc | 0.1.2 | 1.83 | 23.16 | 24.99 | OK | |
r-devel-linux-x86_64-fedora-clang | 0.1.2 | 48.85 | OK | |||
r-devel-linux-x86_64-fedora-gcc | 0.1.2 | 39.48 | OK | |||
r-devel-windows-ix86+x86_64 | 0.1.2 | 6.00 | 35.00 | 41.00 | OK | |
r-patched-linux-x86_64 | 0.1.2 | 2.01 | 29.06 | 31.07 | OK | |
r-patched-solaris-x86 | 0.1.2 | 60.90 | OK | |||
r-release-linux-x86_64 | 0.1.2 | 2.41 | 29.19 | 31.60 | OK | |
r-release-macos-x86_64 | 0.1.2 | OK | ||||
r-release-windows-ix86+x86_64 | 0.1.2 | 6.00 | 37.00 | 43.00 | OK | |
r-oldrel-macos-x86_64 | 0.1.2 | ERROR |
Version: 0.1.2
Check: whether package can be installed
Result: ERROR
Installation failed.
Flavor: r-oldrel-macos-x86_64