CRAN Package Check Results for Package LSX

Last updated on 2020-12-31 00:46:47 CET.

Flavor Version Tinstall Tcheck Ttotal Status Flags
r-devel-linux-x86_64-debian-clang 0.9.6 14.34 249.91 264.25 OK
r-devel-linux-x86_64-debian-gcc 0.9.6 11.22 193.68 204.90 OK
r-devel-linux-x86_64-fedora-clang 0.9.6 325.16 NOTE
r-devel-linux-x86_64-fedora-gcc 0.9.6 331.18 NOTE
r-devel-windows-ix86+x86_64 0.9.6 32.00 224.00 256.00 OK
r-patched-linux-x86_64 0.9.6 8.53 252.31 260.84 OK
r-patched-solaris-x86 0.9.6 688.50 NOTE
r-release-linux-x86_64 0.9.6 13.47 252.80 266.27 OK
r-release-macos-x86_64 0.9.6 NOTE
r-release-windows-ix86+x86_64 0.9.6 35.00 283.00 318.00 OK
r-oldrel-macos-x86_64 0.9.6 NOTE
r-oldrel-windows-ix86+x86_64 0.9.6 18.00 208.00 226.00 OK

Check Details

Version: 0.9.6
Check: dependencies in R code
Result: NOTE
    Namespaces in Imports field not imported from:
     ‘e1071’ ‘grDevices’
     All declared Imports should be used.
Flavors: r-devel-linux-x86_64-fedora-clang, r-devel-linux-x86_64-fedora-gcc, r-patched-solaris-x86, r-release-macos-x86_64, r-oldrel-macos-x86_64

Version: 0.9.6
Check: data for non-ASCII characters
Result: NOTE
     Note: found 2096 marked UTF-8 strings
Flavors: r-devel-linux-x86_64-fedora-clang, r-devel-linux-x86_64-fedora-gcc, r-patched-solaris-x86, r-release-macos-x86_64, r-oldrel-macos-x86_64