CRAN Package Check Results for Package LRQMM

Last updated on 2020-12-31 00:46:47 CET.

Flavor Version Tinstall Tcheck Ttotal Status Flags
r-devel-linux-x86_64-debian-clang 1.2.2 2.53 28.15 30.68 OK
r-devel-linux-x86_64-debian-gcc 1.2.2 1.92 22.13 24.05 OK
r-devel-linux-x86_64-fedora-clang 1.2.2 46.81 OK
r-devel-linux-x86_64-fedora-gcc 1.2.2 36.38 OK
r-devel-windows-ix86+x86_64 1.2.2 6.00 35.00 41.00 OK
r-patched-linux-x86_64 1.2.2 2.41 27.26 29.67 OK
r-patched-solaris-x86 1.2.2 53.70 OK
r-release-linux-x86_64 1.2.2 2.11 27.45 29.56 OK
r-release-macos-x86_64 1.2.2 ERROR
r-release-windows-ix86+x86_64 1.2.2 6.00 36.00 42.00 OK
r-oldrel-macos-x86_64 1.2.2 OK
r-oldrel-windows-ix86+x86_64 1.2.2 4.00 31.00 35.00 OK

Check Details

Version: 1.2.2
Check: package dependencies
Result: ERROR
    Package required but not available: ‘GeneticsPed’
    
    See section ‘The DESCRIPTION file’ in the ‘Writing R Extensions’
    manual.
Flavor: r-release-macos-x86_64