CRAN Package Check Results for Package IceCast

Last updated on 2020-12-31 00:46:45 CET.

Flavor Version Tinstall Tcheck Ttotal Status Flags
r-devel-linux-x86_64-debian-clang 2.1.0 54.79 546.92 601.71 OK
r-devel-linux-x86_64-debian-gcc 2.1.0 35.05 388.45 423.50 OK
r-devel-linux-x86_64-fedora-clang 2.1.0 716.25 NOTE
r-devel-linux-x86_64-fedora-gcc 2.1.0 717.85 NOTE
r-devel-windows-ix86+x86_64 2.1.0 114.00 614.00 728.00 OK
r-patched-linux-x86_64 2.1.0 40.73 531.07 571.80 OK
r-patched-solaris-x86 2.1.0 993.60 NOTE
r-release-linux-x86_64 2.1.0 39.14 523.52 562.66 OK
r-release-macos-x86_64 2.1.0 NOTE
r-release-windows-ix86+x86_64 2.1.0 116.00 781.00 897.00 OK
r-oldrel-macos-x86_64 2.1.0 NOTE
r-oldrel-windows-ix86+x86_64 2.1.0 75.00 489.00 564.00 OK

Check Details

Version: 2.1.0
Check: dependencies in R code
Result: NOTE
    Namespace in Imports field not imported from: ‘coda’
     All declared Imports should be used.
Flavors: r-devel-linux-x86_64-fedora-clang, r-devel-linux-x86_64-fedora-gcc, r-patched-solaris-x86, r-release-macos-x86_64, r-oldrel-macos-x86_64