Last updated on 2020-12-31 00:46:45 CET.
Flavor | Version | Tinstall | Tcheck | Ttotal | Status | Flags |
---|---|---|---|---|---|---|
r-devel-linux-x86_64-debian-clang | 1.0.1 | 152.82 | 122.93 | 275.75 | OK | |
r-devel-linux-x86_64-debian-gcc | 1.0.1 | 94.18 | 86.75 | 180.93 | OK | |
r-devel-linux-x86_64-fedora-clang | 1.0.1 | 382.45 | NOTE | |||
r-devel-linux-x86_64-fedora-gcc | 1.0.1 | 324.37 | OK | |||
r-devel-windows-ix86+x86_64 | 1.0.1 | 331.00 | 215.00 | 546.00 | OK | |
r-patched-linux-x86_64 | 1.0.1 | 110.54 | 112.21 | 222.75 | OK | |
r-patched-solaris-x86 | 1.0.1 | 289.90 | OK | |||
r-release-linux-x86_64 | 1.0.1 | 112.46 | 111.97 | 224.43 | OK | |
r-release-macos-x86_64 | 1.0.1 | NOTE | ||||
r-release-windows-ix86+x86_64 | 1.0.1 | 334.00 | 220.00 | 554.00 | OK | |
r-oldrel-macos-x86_64 | 1.0.1 | NOTE | ||||
r-oldrel-windows-ix86+x86_64 | 1.0.1 | 227.00 | 144.00 | 371.00 | OK |
Version: 1.0.1
Check: installed package size
Result: NOTE
installed size is 7.9Mb
sub-directories of 1Mb or more:
libs 7.2Mb
Flavors: r-devel-linux-x86_64-fedora-clang, r-release-macos-x86_64, r-oldrel-macos-x86_64