CRAN Package Check Results for Package HiCfeat

Last updated on 2020-12-31 00:46:45 CET.

Flavor Version Tinstall Tcheck Ttotal Status Flags
r-devel-linux-x86_64-debian-clang 1.4 32.45 305.11 337.56 OK
r-devel-linux-x86_64-debian-gcc 1.4 27.77 222.84 250.61 OK
r-devel-linux-x86_64-fedora-clang 1.4 413.45 OK
r-devel-linux-x86_64-fedora-gcc 1.4 399.57 OK
r-devel-windows-ix86+x86_64 1.4 75.00 323.00 398.00 OK
r-patched-linux-x86_64 1.4 30.27 276.87 307.14 OK
r-patched-solaris-x86 1.4 547.10 OK
r-release-linux-x86_64 1.4 32.00 270.89 302.89 OK
r-release-macos-x86_64 1.4 OK
r-release-windows-ix86+x86_64 1.4 78.00 253.00 331.00 OK
r-oldrel-macos-x86_64 1.4 ERROR
r-oldrel-windows-ix86+x86_64 1.4 50.00 218.00 268.00 OK

Check Details

Version: 1.4
Check: whether package can be installed
Result: ERROR
    Installation failed.
Flavor: r-oldrel-macos-x86_64