CRAN Package Check Results for Package HTSCluster

Last updated on 2020-12-31 00:46:45 CET.

Flavor Version Tinstall Tcheck Ttotal Status Flags
r-devel-linux-x86_64-debian-clang 2.0.8 7.69 54.04 61.73 OK
r-devel-linux-x86_64-debian-gcc 2.0.8 4.38 41.08 45.46 OK
r-devel-linux-x86_64-fedora-clang 2.0.8 86.35 NOTE
r-devel-linux-x86_64-fedora-gcc 2.0.8 71.98 NOTE
r-devel-windows-ix86+x86_64 2.0.8 13.00 72.00 85.00 OK
r-patched-linux-x86_64 2.0.8 6.38 51.56 57.94 OK
r-patched-solaris-x86 2.0.8 98.60 NOTE
r-release-linux-x86_64 2.0.8 6.91 50.97 57.88 OK
r-release-macos-x86_64 2.0.8 NOTE
r-release-windows-ix86+x86_64 2.0.8 15.00 55.00 70.00 OK
r-oldrel-macos-x86_64 2.0.8 OK
r-oldrel-windows-ix86+x86_64 2.0.8 10.00 53.00 63.00 OK

Check Details

Version: 2.0.8
Check: package dependencies
Result: NOTE
    Package suggested but not available for checking: ‘HTSFilter’
Flavors: r-devel-linux-x86_64-fedora-clang, r-devel-linux-x86_64-fedora-gcc, r-patched-solaris-x86, r-release-macos-x86_64