CRAN Package Check Results for Package HTLR

Last updated on 2020-12-31 00:46:45 CET.

Flavor Version Tinstall Tcheck Ttotal Status Flags
r-devel-linux-x86_64-debian-clang 0.4-3 105.56 80.24 185.80 OK --no-vignettes
r-devel-linux-x86_64-debian-gcc 0.4-3 66.16 62.15 128.31 OK --no-vignettes
r-devel-linux-x86_64-fedora-clang 0.4-3 538.45 NOTE
r-devel-linux-x86_64-fedora-gcc 0.4-3 573.59 OK
r-devel-windows-ix86+x86_64 0.4-3 220.00 340.00 560.00 OK
r-patched-linux-x86_64 0.4-3 71.84 74.08 145.92 OK --no-vignettes
r-patched-solaris-x86 0.4-3 494.90 OK
r-release-linux-x86_64 0.4-3 75.12 74.06 149.18 OK --no-vignettes
r-release-macos-x86_64 0.4-3 NOTE
r-release-windows-ix86+x86_64 0.4-3 222.00 345.00 567.00 OK
r-oldrel-macos-x86_64 0.4-3 NOTE
r-oldrel-windows-ix86+x86_64 0.4-3 145.00 241.00 386.00 OK

Check Details

Version: 0.4-3
Check: installed package size
Result: NOTE
     installed size is 5.9Mb
     sub-directories of 1Mb or more:
     doc 1.1Mb
     libs 3.6Mb
Flavors: r-devel-linux-x86_64-fedora-clang, r-release-macos-x86_64, r-oldrel-macos-x86_64