CRAN Package Check Results for Package HMB

Last updated on 2020-12-31 00:46:45 CET.

Flavor Version Tinstall Tcheck Ttotal Status Flags
r-devel-linux-x86_64-debian-clang 1.1 137.35 39.96 177.31 OK
r-devel-linux-x86_64-debian-gcc 1.1 91.28 31.73 123.01 OK
r-devel-linux-x86_64-fedora-clang 1.1 254.72 NOTE
r-devel-linux-x86_64-fedora-gcc 1.1 218.52 OK
r-devel-windows-ix86+x86_64 1.1 311.00 91.00 402.00 NOTE
r-patched-linux-x86_64 1.1 108.98 38.92 147.90 OK
r-patched-solaris-x86 1.1 229.00 OK
r-release-linux-x86_64 1.1 105.35 39.25 144.60 OK
r-release-macos-x86_64 1.1 NOTE
r-release-windows-ix86+x86_64 1.1 307.00 96.00 403.00 NOTE
r-oldrel-macos-x86_64 1.1 NOTE
r-oldrel-windows-ix86+x86_64 1.1 198.00 68.00 266.00 NOTE

Check Details

Version: 1.1
Check: installed package size
Result: NOTE
     installed size is 8.4Mb
     sub-directories of 1Mb or more:
     data 3.5Mb
     libs 4.6Mb
Flavors: r-devel-linux-x86_64-fedora-clang, r-devel-windows-ix86+x86_64, r-release-macos-x86_64, r-release-windows-ix86+x86_64, r-oldrel-macos-x86_64, r-oldrel-windows-ix86+x86_64