CRAN Package Check Results for Package GenomicMating

Last updated on 2020-12-31 00:46:44 CET.

Flavor Version Tinstall Tcheck Ttotal Status Flags
r-devel-linux-x86_64-debian-clang 2.0 39.84 72.65 112.49 OK
r-devel-linux-x86_64-debian-gcc 2.0 27.82 52.88 80.70 OK
r-devel-linux-x86_64-fedora-clang 2.0 160.35 WARN
r-devel-linux-x86_64-fedora-gcc 2.0 138.80 NOTE
r-devel-windows-ix86+x86_64 2.0 94.00 124.00 218.00 OK
r-patched-linux-x86_64 2.0 24.76 66.64 91.40 OK
r-patched-solaris-x86 2.0 157.10 NOTE
r-release-linux-x86_64 2.0 38.04 66.22 104.26 OK
r-release-macos-x86_64 2.0 NOTE
r-release-windows-ix86+x86_64 2.0 97.00 126.00 223.00 OK
r-oldrel-macos-x86_64 2.0 NOTE
r-oldrel-windows-ix86+x86_64 2.0 56.00 92.00 148.00 OK

Check Details

Version: 2.0
Check: package dependencies
Result: WARN
    Requires orphaned package: ‘plotly’
Flavor: r-devel-linux-x86_64-fedora-clang

Version: 2.0
Check: dependencies in R code
Result: NOTE
    Namespace in Imports field not imported from: ‘dplyr’
     All declared Imports should be used.
Flavors: r-devel-linux-x86_64-fedora-clang, r-devel-linux-x86_64-fedora-gcc, r-patched-solaris-x86, r-release-macos-x86_64, r-oldrel-macos-x86_64