CRAN Package Check Results for Package GeneralizedUmatrix

Last updated on 2020-12-31 00:46:44 CET.

Flavor Version Tinstall Tcheck Ttotal Status Flags
r-devel-linux-x86_64-debian-clang 1.2.1 58.90 112.63 171.53 OK
r-devel-linux-x86_64-debian-gcc 1.2.1 36.57 81.28 117.85 OK
r-devel-linux-x86_64-fedora-clang 1.2.1 232.17 NOTE
r-devel-linux-x86_64-fedora-gcc 1.2.1 203.50 OK
r-devel-windows-ix86+x86_64 1.2.1 127.00 176.00 303.00 OK
r-patched-linux-x86_64 1.2.1 41.83 108.19 150.02 OK
r-patched-solaris-x86 1.2.1 207.60 WARN
r-release-linux-x86_64 1.2.1 42.06 106.35 148.41 OK
r-release-macos-x86_64 1.2.1 OK
r-release-windows-ix86+x86_64 1.2.1 131.00 187.00 318.00 OK
r-oldrel-macos-x86_64 1.2.1 OK
r-oldrel-windows-ix86+x86_64 1.2.1 80.00 139.00 219.00 OK

Check Details

Version: 1.2.1
Check: package dependencies
Result: NOTE
    Suggests orphaned package: ‘plotly’
Flavor: r-devel-linux-x86_64-fedora-clang

Version: 1.2.1
Check: re-building of vignette outputs
Result: WARN
    Error(s) in re-building vignettes:
     ...
    --- re-building ‘GeneralizedUmatrix.Rmd’ using rmarkdown
    Warning in engine$weave(file, quiet = quiet, encoding = enc) :
     Pandoc (>= 1.12.3) and/or pandoc-citeproc not available. Falling back to R Markdown v1.
    Loading required package: DataVisualizations
    Loading required namespace: rmarkdown
    PhantomJS not found. You can install it with webshot::install_phantomjs(). If it is installed, please make sure the phantomjs executable can be found via the PATH variable.
    Warning in normalizePath(f2) :
     path[1]="webshot43353cf4f85.png": No such file or directory
    Warning in file(con, "rb") :
     cannot open file 'webshot43353cf4f85.png': No such file or directory
    Quitting from lines 39-53 (GeneralizedUmatrix.Rmd)
    Error: processing vignette 'GeneralizedUmatrix.Rmd' failed with diagnostics:
    cannot open the connection
    --- failed re-building ‘GeneralizedUmatrix.Rmd’
    
    SUMMARY: processing the following file failed:
     ‘GeneralizedUmatrix.Rmd’
    
    Error: Vignette re-building failed.
    Execution halted
Flavor: r-patched-solaris-x86