CRAN Package Check Results for Package GSE

Last updated on 2020-12-31 00:46:44 CET.

Flavor Version Tinstall Tcheck Ttotal Status Flags
r-devel-linux-x86_64-debian-clang 4.2 92.92 71.09 164.01 OK
r-devel-linux-x86_64-debian-gcc 4.2 63.61 53.51 117.12 OK
r-devel-linux-x86_64-fedora-clang 4.2 230.06 NOTE
r-devel-linux-x86_64-fedora-gcc 4.2 208.99 OK
r-devel-windows-ix86+x86_64 4.2 212.00 128.00 340.00 OK
r-patched-linux-x86_64 4.2 75.12 66.86 141.98 OK
r-patched-solaris-x86 4.2 222.40 OK
r-release-linux-x86_64 4.2 76.80 66.44 143.24 OK
r-release-macos-x86_64 4.2 OK
r-release-windows-ix86+x86_64 4.2 212.00 132.00 344.00 OK
r-oldrel-macos-x86_64 4.2 OK
r-oldrel-windows-ix86+x86_64 4.2 132.00 93.00 225.00 OK

Check Details

Version: 4.2
Check: installed package size
Result: NOTE
     installed size is 6.0Mb
     sub-directories of 1Mb or more:
     libs 5.5Mb
Flavor: r-devel-linux-x86_64-fedora-clang