CRAN Package Check Results for Package GPvam

Last updated on 2020-12-31 00:46:44 CET.

Flavor Version Tinstall Tcheck Ttotal Status Flags
r-devel-linux-x86_64-debian-clang 3.0-5 29.65 84.84 114.49 ERROR
r-devel-linux-x86_64-debian-gcc 3.0-5 21.79 65.25 87.04 ERROR
r-devel-linux-x86_64-fedora-clang 3.0-5 149.29 ERROR
r-devel-linux-x86_64-fedora-gcc 3.0-5 139.76 ERROR
r-devel-windows-ix86+x86_64 3.0-5 64.00 142.00 206.00 OK
r-patched-linux-x86_64 3.0-5 25.48 79.34 104.82 ERROR
r-patched-solaris-x86 3.0-5 166.30 ERROR
r-release-linux-x86_64 3.0-5 25.29 78.17 103.46 ERROR
r-release-macos-x86_64 3.0-5 OK
r-release-windows-ix86+x86_64 3.0-5 64.00 145.00 209.00 OK
r-oldrel-macos-x86_64 3.0-5 OK
r-oldrel-windows-ix86+x86_64 3.0-5 41.00 92.00 133.00 ERROR

Check Details

Version: 3.0-5
Check: examples
Result: ERROR
    Running examples in 'GPvam-Ex.R' failed
    The error most likely occurred in:
    
    > base::assign(".ptime", proc.time(), pos = "CheckExEnv")
    > ### Name: GPvam
    > ### Title: Fitting the Generalized and Variable Persistence Models
    > ### Aliases: GPvam
    > ### Keywords: regression
    >
    > ### ** Examples
    >
    > data(vam_data)
    > GPvam(vam_data,student.side="R",persistence="CP",
    + fixed_effects=formula(~as.factor(year)+cont_var+0),verbose=TRUE,max.iter.EM=1)
    Beginning EM algorithm
    Iteration Time: 1.875 seconds
    Error in h(simpleError(msg, call)) :
     error in evaluating the argument 'x' in selecting a method for function 'chol2inv': no slot of name "factors" for this object of class "dtCMatrix"
    Calls: GPvam ... chol2inv -> chol -> chol -> .local -> .handleSimpleError -> h
    Execution halted
Flavor: r-devel-linux-x86_64-debian-clang

Version: 3.0-5
Check: examples
Result: ERROR
    Running examples in ‘GPvam-Ex.R’ failed
    The error most likely occurred in:
    
    > base::assign(".ptime", proc.time(), pos = "CheckExEnv")
    > ### Name: GPvam
    > ### Title: Fitting the Generalized and Variable Persistence Models
    > ### Aliases: GPvam
    > ### Keywords: regression
    >
    > ### ** Examples
    >
    > data(vam_data)
    > GPvam(vam_data,student.side="R",persistence="CP",
    + fixed_effects=formula(~as.factor(year)+cont_var+0),verbose=TRUE,max.iter.EM=1)
    Beginning EM algorithm
    Iteration Time: 1.834 seconds
    Error in h(simpleError(msg, call)) :
     error in evaluating the argument 'x' in selecting a method for function 'chol2inv': no slot of name "factors" for this object of class "dtCMatrix"
    Calls: GPvam ... chol2inv -> chol -> chol -> .local -> .handleSimpleError -> h
    Execution halted
Flavor: r-devel-linux-x86_64-debian-gcc

Version: 3.0-5
Check: examples
Result: ERROR
    Running examples in ‘GPvam-Ex.R’ failed
    The error most likely occurred in:
    
    > ### Name: GPvam
    > ### Title: Fitting the Generalized and Variable Persistence Models
    > ### Aliases: GPvam
    > ### Keywords: regression
    >
    > ### ** Examples
    >
    > data(vam_data)
    > GPvam(vam_data,student.side="R",persistence="CP",
    + fixed_effects=formula(~as.factor(year)+cont_var+0),verbose=TRUE,max.iter.EM=1)
    Beginning EM algorithm
    Iteration Time: 2.176 seconds
    Error in h(simpleError(msg, call)) :
     error in evaluating the argument 'x' in selecting a method for function 'chol2inv': no slot of name "factors" for this object of class "dtCMatrix"
    Calls: GPvam ... chol2inv -> chol -> chol -> .local -> .handleSimpleError -> h
    Execution halted
Flavor: r-devel-linux-x86_64-fedora-clang

Version: 3.0-5
Check: examples
Result: ERROR
    Running examples in ‘GPvam-Ex.R’ failed
    The error most likely occurred in:
    
    > ### Name: GPvam
    > ### Title: Fitting the Generalized and Variable Persistence Models
    > ### Aliases: GPvam
    > ### Keywords: regression
    >
    > ### ** Examples
    >
    > data(vam_data)
    > GPvam(vam_data,student.side="R",persistence="CP",
    + fixed_effects=formula(~as.factor(year)+cont_var+0),verbose=TRUE,max.iter.EM=1)
    Beginning EM algorithm
    Iteration Time: 2.295 seconds
    Error in h(simpleError(msg, call)) :
     error in evaluating the argument 'x' in selecting a method for function 'chol2inv': no slot of name "factors" for this object of class "dtCMatrix"
    Calls: GPvam ... chol2inv -> chol -> chol -> .local -> .handleSimpleError -> h
    Execution halted
Flavor: r-devel-linux-x86_64-fedora-gcc

Version: 3.0-5
Check: examples
Result: ERROR
    Running examples in ‘GPvam-Ex.R’ failed
    The error most likely occurred in:
    
    > base::assign(".ptime", proc.time(), pos = "CheckExEnv")
    > ### Name: GPvam
    > ### Title: Fitting the Generalized and Variable Persistence Models
    > ### Aliases: GPvam
    > ### Keywords: regression
    >
    > ### ** Examples
    >
    > data(vam_data)
    > GPvam(vam_data,student.side="R",persistence="CP",
    + fixed_effects=formula(~as.factor(year)+cont_var+0),verbose=TRUE,max.iter.EM=1)
    Beginning EM algorithm
    Iteration Time: 1.679 seconds
    Error in h(simpleError(msg, call)) :
     error in evaluating the argument 'x' in selecting a method for function 'chol2inv': no slot of name "factors" for this object of class "dtCMatrix"
    Calls: GPvam ... chol2inv -> chol -> chol -> .local -> .handleSimpleError -> h
    Execution halted
Flavor: r-patched-linux-x86_64

Version: 3.0-5
Check: examples
Result: ERROR
    Running examples in ‘GPvam-Ex.R’ failed
    The error most likely occurred in:
    
    > ### Name: GPvam
    > ### Title: Fitting the Generalized and Variable Persistence Models
    > ### Aliases: GPvam
    > ### Keywords: regression
    >
    > ### ** Examples
    >
    > data(vam_data)
    > GPvam(vam_data,student.side="R",persistence="CP",
    + fixed_effects=formula(~as.factor(year)+cont_var+0),verbose=TRUE,max.iter.EM=1)
    Beginning EM algorithm
    Iteration Time: 2.228 seconds
    Error in h(simpleError(msg, call)) :
     error in evaluating the argument 'x' in selecting a method for function 'chol2inv': no slot of name "factors" for this object of class "dtCMatrix"
    Calls: GPvam ... chol2inv -> chol -> chol -> .local -> .handleSimpleError -> h
    Execution halted
Flavor: r-patched-solaris-x86

Version: 3.0-5
Check: examples
Result: ERROR
    Running examples in ‘GPvam-Ex.R’ failed
    The error most likely occurred in:
    
    > base::assign(".ptime", proc.time(), pos = "CheckExEnv")
    > ### Name: GPvam
    > ### Title: Fitting the Generalized and Variable Persistence Models
    > ### Aliases: GPvam
    > ### Keywords: regression
    >
    > ### ** Examples
    >
    > data(vam_data)
    > GPvam(vam_data,student.side="R",persistence="CP",
    + fixed_effects=formula(~as.factor(year)+cont_var+0),verbose=TRUE,max.iter.EM=1)
    Beginning EM algorithm
    Iteration Time: 1.985 seconds
    Error in h(simpleError(msg, call)) :
     error in evaluating the argument 'x' in selecting a method for function 'chol2inv': no slot of name "factors" for this object of class "dtCMatrix"
    Calls: GPvam ... chol2inv -> chol -> chol -> .local -> .handleSimpleError -> h
    Execution halted
Flavor: r-release-linux-x86_64

Version: 3.0-5
Check: running examples for arch ‘i386’
Result: ERROR
    Running examples in 'GPvam-Ex.R' failed
    The error most likely occurred in:
    
    > ### Name: GPvam
    > ### Title: Fitting the Generalized and Variable Persistence Models
    > ### Aliases: GPvam
    > ### Keywords: regression
    >
    > ### ** Examples
    >
    > data(vam_data)
    > GPvam(vam_data,student.side="R",persistence="CP",
    + fixed_effects=formula(~as.factor(year)+cont_var+0),verbose=TRUE,max.iter.EM=1)
    Beginning EM algorithm
    Iteration Time: 0.81 seconds
    Error in .local(x, ...) :
     no slot of name "factors" for this object of class "dtCMatrix"
    Calls: GPvam -> VP.CP.ZP.un -> chol2inv -> chol -> chol -> .local
    Execution halted
Flavor: r-oldrel-windows-ix86+x86_64

Version: 3.0-5
Check: running examples for arch ‘x64’
Result: ERROR
    Running examples in 'GPvam-Ex.R' failed
    The error most likely occurred in:
    
    > ### Name: GPvam
    > ### Title: Fitting the Generalized and Variable Persistence Models
    > ### Aliases: GPvam
    > ### Keywords: regression
    >
    > ### ** Examples
    >
    > data(vam_data)
    > GPvam(vam_data,student.side="R",persistence="CP",
    + fixed_effects=formula(~as.factor(year)+cont_var+0),verbose=TRUE,max.iter.EM=1)
    Beginning EM algorithm
    Iteration Time: 0.85 seconds
    Error in .local(x, ...) :
     no slot of name "factors" for this object of class "dtCMatrix"
    Calls: GPvam -> VP.CP.ZP.un -> chol2inv -> chol -> chol -> .local
    Execution halted
Flavor: r-oldrel-windows-ix86+x86_64