Last updated on 2020-12-31 00:46:44 CET.
Flavor | Version | Tinstall | Tcheck | Ttotal | Status | Flags |
---|---|---|---|---|---|---|
r-devel-linux-x86_64-debian-clang | 1.1.4.1 | 40.94 | 148.31 | 189.25 | NOTE | --no-vignettes |
r-devel-linux-x86_64-debian-gcc | 1.1.4.1 | 29.04 | 110.36 | 139.40 | NOTE | --no-vignettes |
r-devel-linux-x86_64-fedora-clang | 1.1.4.1 | 244.38 | NOTE | --no-vignettes | ||
r-devel-linux-x86_64-fedora-gcc | 1.1.4.1 | 229.47 | NOTE | --no-vignettes | ||
r-devel-windows-ix86+x86_64 | 1.1.4.1 | 90.00 | 253.00 | 343.00 | OK | --no-vignettes |
r-patched-linux-x86_64 | 1.1.4.1 | 30.78 | 141.32 | 172.10 | NOTE | --no-vignettes |
r-patched-solaris-x86 | 1.1.4.1 | 278.20 | NOTE | --no-vignettes | ||
r-release-linux-x86_64 | 1.1.4.1 | 32.04 | 139.93 | 171.97 | NOTE | --no-vignettes |
r-release-macos-x86_64 | 1.1.4.1 | OK | ||||
r-release-windows-ix86+x86_64 | 1.1.4.1 | 87.00 | 189.00 | 276.00 | OK | --no-vignettes |
r-oldrel-macos-x86_64 | 1.1.4.1 | WARN | ||||
r-oldrel-windows-ix86+x86_64 | 1.1.4.1 | 61.00 | 170.00 | 231.00 | OK | --no-vignettes |
Version: 1.1.4.1
Flags: --no-vignettes
Check: Rd cross-references
Result: NOTE
Unknown package 'DiceOptim' in Rd xrefs
Flavors: r-devel-linux-x86_64-debian-clang, r-devel-linux-x86_64-debian-gcc, r-devel-linux-x86_64-fedora-gcc, r-patched-linux-x86_64, r-patched-solaris-x86, r-release-linux-x86_64
Version: 1.1.4.1
Flags: --no-vignettes
Check: Rd cross-references
Result: NOTE
Undeclared package ‘DiceOptim’ in Rd xrefs
Unknown package ‘DiceOptim’ in Rd xrefs
Flavor: r-devel-linux-x86_64-fedora-clang
Version: 1.1.4.1
Check: whether package can be installed
Result: WARN
Found the following significant warnings:
Warning: 'rgl.init' failed, running with 'rgl.useNULL = TRUE'.
Flavor: r-oldrel-macos-x86_64