CRAN Package Check Results for Package GPCMlasso

Last updated on 2020-12-31 00:46:44 CET.

Flavor Version Tinstall Tcheck Ttotal Status Flags
r-devel-linux-x86_64-debian-clang 0.1-4 57.99 191.21 249.20 OK
r-devel-linux-x86_64-debian-gcc 0.1-4 41.36 129.54 170.90 OK
r-devel-linux-x86_64-fedora-clang 0.1-4 320.21 NOTE
r-devel-linux-x86_64-fedora-gcc 0.1-4 285.34 OK
r-devel-windows-ix86+x86_64 0.1-4 132.00 289.00 421.00 OK
r-patched-linux-x86_64 0.1-4 47.11 165.45 212.56 OK
r-patched-solaris-x86 0.1-4 585.90 OK
r-release-linux-x86_64 0.1-4 48.41 165.21 213.62 OK
r-release-macos-x86_64 0.1-4 OK
r-release-windows-ix86+x86_64 0.1-4 132.00 287.00 419.00 OK
r-oldrel-macos-x86_64 0.1-4 OK
r-oldrel-windows-ix86+x86_64 0.1-4 80.00 201.00 281.00 OK

Check Details

Version: 0.1-4
Check: Rd cross-references
Result: NOTE
    Undeclared package ‘gvcm.cat’ in Rd xrefs
Flavor: r-devel-linux-x86_64-fedora-clang