CRAN Package Check Results for Package GMMAT

Last updated on 2020-12-31 00:46:44 CET.

Flavor Version Tinstall Tcheck Ttotal Status Flags
r-devel-linux-x86_64-debian-clang 1.3.1 81.75 520.40 602.15 OK
r-devel-linux-x86_64-debian-gcc 1.3.1 64.66 396.38 461.04 OK
r-devel-linux-x86_64-fedora-clang 1.3.1 759.06 NOTE
r-devel-linux-x86_64-fedora-gcc 1.3.1 734.25 OK
r-devel-windows-ix86+x86_64 1.3.1 186.00 741.00 927.00 NOTE
r-patched-linux-x86_64 1.3.1 70.76 507.47 578.23 OK
r-release-linux-x86_64 1.3.1 71.34 494.31 565.65 OK
r-release-macos-x86_64 1.3.1 NOTE
r-release-windows-ix86+x86_64 1.3.1 185.00 761.00 946.00 NOTE
r-oldrel-macos-x86_64 1.3.1 ERROR
r-oldrel-windows-ix86+x86_64 1.3.1 128.00 521.00 649.00 NOTE

Check Details

Version: 1.3.1
Check: installed package size
Result: NOTE
     installed size is 8.3Mb
     sub-directories of 1Mb or more:
     libs 6.4Mb
Flavors: r-devel-linux-x86_64-fedora-clang, r-devel-windows-ix86+x86_64, r-release-macos-x86_64, r-release-windows-ix86+x86_64

Version: 1.3.1
Check: package dependencies
Result: NOTE
    Package suggested but not available for checking: 'doMC'
Flavors: r-devel-windows-ix86+x86_64, r-release-windows-ix86+x86_64, r-oldrel-windows-ix86+x86_64

Version: 1.3.1
Check: whether package can be installed
Result: ERROR
    Installation failed.
Flavor: r-oldrel-macos-x86_64