CRAN Package Check Results for Package GLMaSPU

Last updated on 2020-12-31 00:46:44 CET.

Flavor Version Tinstall Tcheck Ttotal Status Flags
r-devel-linux-x86_64-debian-clang 1.0 35.86 31.00 66.86 OK
r-devel-linux-x86_64-debian-gcc 1.0 21.43 24.47 45.90 OK
r-devel-linux-x86_64-fedora-clang 1.0 95.15 NOTE
r-devel-linux-x86_64-fedora-gcc 1.0 78.80 NOTE
r-devel-windows-ix86+x86_64 1.0 76.00 75.00 151.00 OK
r-patched-linux-x86_64 1.0 25.87 30.23 56.10 OK
r-patched-solaris-x86 1.0 86.70 OK
r-release-linux-x86_64 1.0 24.03 30.39 54.42 OK
r-release-macos-x86_64 1.0 OK
r-release-windows-ix86+x86_64 1.0 75.00 77.00 152.00 OK
r-oldrel-macos-x86_64 1.0 OK
r-oldrel-windows-ix86+x86_64 1.0 51.00 49.00 100.00 OK

Check Details

Version: 1.0
Check: compiled code
Result: NOTE
    File ‘GLMaSPU/libs/GLMaSPU.so’:
     Found no calls to: ‘R_registerRoutines’, ‘R_useDynamicSymbols’
    
    It is good practice to register native routines and to disable symbol
    search.
    
    See ‘Writing portable packages’ in the ‘Writing R Extensions’ manual.
Flavors: r-devel-linux-x86_64-fedora-clang, r-devel-linux-x86_64-fedora-gcc