CRAN Package Check Results for Package GGMncv

Last updated on 2020-12-31 00:46:44 CET.

Flavor Version Tinstall Tcheck Ttotal Status Flags
r-devel-linux-x86_64-debian-clang 2.0.0 37.27 60.65 97.92 OK
r-devel-linux-x86_64-debian-gcc 2.0.0 24.58 45.85 70.43 OK
r-devel-linux-x86_64-fedora-clang 2.0.0 135.44 NOTE
r-devel-linux-x86_64-fedora-gcc 2.0.0 118.78 NOTE
r-devel-windows-ix86+x86_64 2.0.0 87.00 125.00 212.00 OK
r-patched-linux-x86_64 2.0.0 29.65 56.84 86.49 OK
r-patched-solaris-x86 2.0.0 138.80 NOTE
r-release-linux-x86_64 2.0.0 29.83 57.83 87.66 OK
r-release-macos-x86_64 2.0.0 NOTE
r-release-windows-ix86+x86_64 2.0.0 88.00 124.00 212.00 OK
r-oldrel-macos-x86_64 2.0.0 ERROR

Check Details

Version: 2.0.0
Check: dependencies in R code
Result: NOTE
    Namespaces in Imports field not imported from:
     ‘Rdpack’ ‘mathjaxr’
     All declared Imports should be used.
Flavors: r-devel-linux-x86_64-fedora-clang, r-devel-linux-x86_64-fedora-gcc, r-patched-solaris-x86, r-release-macos-x86_64

Version: 2.0.0
Check: whether package can be installed
Result: ERROR
    Installation failed.
Flavor: r-oldrel-macos-x86_64